{"id":929,"date":"2020-12-11T03:09:49","date_gmt":"2020-12-11T03:09:49","guid":{"rendered":"http:\/\/www.ijmhr.org\/IntJPhysiotherRes\/?page_id=929"},"modified":"2020-12-11T03:13:04","modified_gmt":"2020-12-11T03:13:04","slug":"ijpr-2020-177","status":"publish","type":"page","link":"https:\/\/www.ijmhr.org\/IntJPhysiotherRes\/ijpr-2020-177","title":{"rendered":"IJPR.2020.177"},"content":{"rendered":"<p style=\"text-align: justify;\"><div class=\"su-row\"><div class=\"su-column su-column-size-1-2\"><div class=\"su-column-inner su-u-clearfix su-u-trim\"><div class=\"su-button-center\"><a href=\"https:\/\/www.ijmhr.org\/ijpr.8.6\/IJPR.2020.177.pdf\" class=\"su-button su-button-style-default\" style=\"color:#FFFFFF;background-color:#3498db;border-color:#2a7ab0;border-radius:5px\" target=\"_self\"><span style=\"color:#FFFFFF;padding:6px 16px;font-size:13px;line-height:20px;border-color:#71b7e6;border-radius:5px;text-shadow:none\"><i class=\"sui sui-cloud-download\" style=\"font-size:13px;color:#FFFFFF\"><\/i> DOWNLOAD PDF<\/span><\/a><\/div><\/div><\/div> <div class=\"su-column su-column-size-1-2\"><div class=\"su-column-inner su-u-clearfix su-u-trim\"><div class=\"su-button-center\"><a href=\"https:\/\/www.ijmhr.org\/ijpr_vol8_6.html\" class=\"su-button su-button-style-default\" style=\"color:#FFFFFF;background-color:#3498db;border-color:#2a7ab0;border-radius:5px\" target=\"_self\"><span style=\"color:#FFFFFF;padding:6px 16px;font-size:13px;line-height:20px;border-color:#71b7e6;border-radius:5px;text-shadow:none\"><i class=\"sui sui-book\" style=\"font-size:13px;color:#FFFFFF\"><\/i> Table of Contents<\/span><\/a><\/div><\/div><\/div><\/div>\n<h3 style=\"text-align: justify;\"><strong>Type of Article:<\/strong> \u00a0Review<\/h3>\n<h3 style=\"text-align: justify;\"><strong>Volume 8; Issue 6 (December 2020)<\/strong><\/h3>\n<h3 style=\"text-align: justify;\"><strong>Page No.:<\/strong> 3693-3705<\/h3>\n<h3 style=\"text-align: justify;\"><strong>DOI:\u00a0<\/strong>https:\/\/dx.doi.org\/10.16965\/ijpr.2020.177<\/h3>\n<h3 style=\"text-align: justify;\">RESISTING MORBIDITY AND MORTALITY (RMM): AN EQUITABLE PUBLIC HEALTH<\/h3>\n<p style=\"text-align: justify;\"><strong>R. Vinodh Rajkumar.<\/strong><\/p>\n<p style=\"text-align: justify;\">Physiotherapist, Anthropologist &amp; Gerontologist. Director \u2013 Prabhanjeet Fitness Research Institute OPC Private Limited, Bangalore, Karnataka, India.<\/p>\n<p style=\"text-align: justify;\"><strong>Corresponding Author:<\/strong> R. Vinodh Rajkumar, Physiotherapist, Anthropologist &amp; Gerontologist. Director \u2013 Prabhanjeet Fitness Research Institute OPC Private Limited, Bangalore, Karnataka, India. <strong>E-Mail:<\/strong> dreamofkalam@rediffmail.com<\/p>\n<p style=\"text-align: justify;\"><strong>ABSTRACT<\/strong><\/p>\n<p style=\"text-align: justify;\">Every citizen deserves a lengthy, healthy and successful life. Survival competence and successful ageing basically require (i) ability to counteract gravitational force through adequate muscle strength, flexibility and postural control (ii) healthy nutrition (iii) optimal respiratory efficiency at rest and during physical activity (iv) mental health and (v) supportive family. Lifespan of people is basically under the control of both individual and community participation. The burden for the individual after acquiring either communicable or non-communicable diseases is always unique, based on numerous variables like age, gender, socioeconomic status, occupation, lifestyle, severity of the disease, co-morbidities and access to legitimate health services. \u00a0If the burden of the morbidity is not alleviated effectively, various crippling effects interweave and lead to irreversible loss of structures and functions, eventually deteriorating or destroying the competence to sustain an occupation or the level of independence. Mishaps, calamities and wars are also capable of exerting immediate effect to cause irreparable damages in the body (burns, spinal cord injuries, head injuries, fractures) forcing the sufferer to endure a troublesome life. Though harms to the body are unpredictable events, the extent at which every individual and the community as a whole are prepared with skills and technology to encounter them, controls the outcomes. Some disease states demand prolonged or lifelong health care that relies on affordability and family structure. On the other hand, completely costless health services are unrealistic and unsustainable to private sectors or private practitioners in the medical field, excluding sporadic exceptions where the health care is rendered on humanitarian basis. To certain extent, volunteers could provide different types of support using limited resources (few examples are walking aids, medicine supply, water supply, food supply, housing, blood donations, medical camps) to save or sustain life. But very often, many diseases require extensive interdisciplinary approach where multiple specialties are involved, so the total cost of the medical procedures (diagnosis and treatment) get elevated, due to which the deprived will be forced to limit or avoid or procrastinate treatments facilitating chances for the disease to mature incurably. The rehabilitation of patients is explicitly complicated but prevention of diseases looks less complicated if the public health model accentuates its focus on exercise, nutrition and health education to powerfully resist morbidities and premature mortalities through integrated efforts of health care professionals and all other overlapping domains. Based on substantial literature support, this article proposes a framework \u2018SHARE\u2019 to encourage necessary refinements to flourish the civilization as scrupulous as possible. It is also need of the hour for professionals of various disciplines to examine how their expertise could support this framework.<\/p>\n<p style=\"text-align: justify;\"><strong>Key words: <\/strong>Public Health, Life Expectancy, Salutogenesis, Mortality, Morbidity, Exercise, Nutrition, Epidemiology, Spiritual Intelligence, Population ageing.<\/p>\n<p style=\"text-align: justify;\"><strong>REFERENCES<\/strong><\/p>\n<p style=\"text-align: justify;\">[1]. Swartz A. James Fries: healthy aging pioneer. Am J Public Health. 2008;98(7):1163-1166. doi:10.2105\/AJPH.2008.135731<br \/>\nhttps:\/\/doi.org\/10.2105\/AJPH.2008.135731<br \/>\nPMid:18511711 PMCid:PMC2424092<br \/>\n[2]. Gehlert S, Sohmer D, Sacks T, Mininger C, McClintock M, Olopade O. Targeting health disparities: a model linking upstream determinants to downstream interventions. Health Aff (Millwood). 2008;27(2):339-349. doi:10.1377\/hlthaff.27.2.339<br \/>\nhttps:\/\/doi.org\/10.1377\/hlthaff.27.2.339<br \/>\nPMid:18332488 PMCid:PMC2494954<br \/>\n[3]. Oni, Tolu; Yudkin, John S; Fonn, Sharon; Adongo, Philip; Kaseje, Margaret; Ajuwon, Ademola; Doyal, Lesley; London, Leslie. Global public health starts at home: upstream approaches to global health training. The Lancet Global Health, ISSN: 2214-109X, 2019; 7 (3), e301-e302.<br \/>\nhttps:\/\/doi.org\/10.1016\/S2214-109X(18)30558-8<br \/>\n[4]. Weeramanthri TS, Bailie RS. Grand challenges in public health policy. Front Public Health. 2015;3:29. Published 2015. doi:10.3389\/fpubh.2015.00029<br \/>\nhttps:\/\/doi.org\/10.3389\/fpubh.2015.00029<br \/>\n[5]. Shogo Kudo, Emmanuel Mutisya, Masafumi Nagao. Population Aging: An Emerging Research Agenda for Sustainable Development. Soc. Sci. 2015, 4(4), 940-966;<br \/>\nhttps:\/\/doi.org\/10.3390\/socsci4040940<br \/>\n[6]. Afolayan A. Egalitarianism. In: ten Have H. (eds) Encyclopedia of Global Bioethics. Springer, Cham. 2015. https:\/\/doi.org\/10.1007\/978-3-319-05544-2_166-1<br \/>\nhttps:\/\/doi.org\/10.1007\/978-3-319-05544-2_166-1<br \/>\n[7]. R.Vinodh Rajkumar. Epidemiological Intersection: The Revelation of Covid &#8211; 19 Pandemic. Int J Physiother Res 2020;8(2):3438-42.<br \/>\nhttps:\/\/doi.org\/10.16965\/ijpr.2020.126<br \/>\n[8]. Hernandez JBR, Kim PY. Epidemiology Morbidity And Mortality. [Updated 2020 Feb 2]. In: StatPearls [Internet]. Treasure Island (FL): StatPearls Publishing; 2020 Jan-. Available from: https:\/\/www.ncbi.nlm.nih.gov\/books\/NBK547668\/<br \/>\n[9]. Sahebalzamani M, Farahani H, Abasi R, Talebi M. The relationship between spiritual intelligence with psychological well-being and purpose in life of nurses. Iran J Nurs Midwifery Res. 2013;18(1):38-41.<br \/>\nhttps:\/\/doi.org\/10.4103\/2345-5756.231405<br \/>\n[10]. Skrzypi\u0144ska, K. Does Spiritual Intelligence (SI) Exist? A Theoretical Investigation of a Tool Useful for Finding the Meaning of Life. J Relig Health. 2020.<br \/>\nhttps:\/\/doi.org\/10.1007\/s10943-020-01005-8<br \/>\nPMid:32108312<br \/>\n[11]. Dian Novita Siswanti et al. J. Phys.: Conf. Ser. 1028 012193. 2018.<br \/>\nhttps:\/\/doi.org\/10.1088\/1742-6596\/1028\/1\/012193<br \/>\n[12]. Prem Shankar Srivastava. Spiritual Intelligence: An Overview. International Journal of Multidisciplinary Research and Development. 2016;3(3):224-227.<br \/>\n[13]. Dr.Jyoti Deepak Joshi, &#8220;Spiritual Intelligence&#8221; A Way of Life. International Journal of Scientific Research. 2016; 5(6), 339 &#8211; 341.<br \/>\n[14]. R.Saranya, and Mrs. T. Sangeetha. &#8220;A study of spiritual intelligence in relation to achievement in science among secondary school students in Coimbatore educational district.&#8221; International Journal of Research &#8211; Granthaalayah, 2017; 5(6), 10-17.<br \/>\nhttps:\/\/doi.org\/10.29121\/granthaalayah.v5.i6.2017.1987<br \/>\n[15]. Svalastog AL, Donev D, Jahren Kristoffersen N, Gajovi\u0107 S. Concepts and definitions of health and health-related values in the knowledge landscapes of the digital society. Croat Med J. 2017;58(6):431-435.<br \/>\nhttps:\/\/doi.org\/10.3325\/cmj.2017.58.431<br \/>\nPMid:29308835 PMCid:PMC5778676<br \/>\n[16]. Kwiatkowski D. Science, medicine, and the future: susceptibility to infection. BMJ. 2000;321(7268):1061-1065. doi:10.1136\/bmj.321.7268.1061.<br \/>\nhttps:\/\/doi.org\/10.1136\/bmj.321.7268.1061<br \/>\nPMid:11053181 PMCid:PMC1118849<br \/>\n[17]. Marc Lapp\u00e9. Holistic health: a valuable approach to medical care. West J Med. 1979; 131(6): 475-478.<br \/>\n[18]. Roy R. Science and Whole Person Medicine: Enormous Potential in a New Relationship. Bulletin of Science, Technology &amp; Society. 2002;22(5):374-390.<br \/>\nhttps:\/\/doi.org\/10.1177\/027046702236890<br \/>\n[19]. Rose G. Sick individuals and sick populations. Int J Epidemiol. 2001;30(3):427-434.<br \/>\nhttps:\/\/doi.org\/10.1093\/ije\/30.3.427<br \/>\nPMid:11416056<br \/>\n[20]. Narain JP. Public Health Challenges in India: Seizing the Opportunities. Indian J Community Med. 2016;41(2):85-88.<br \/>\nhttps:\/\/doi.org\/10.4103\/0970-0218.177507<br \/>\nPMid:27051080 PMCid:PMC4799645<br \/>\n[21]. Kumar K, Mehra A, Sahoo S, Nehra R, Grover S. The psychological impact of COVID-19 pandemic and lockdown on the migrant workers: A cross-sectional survey [published online ahead of print, 2020 Jun 20]. Asian J Psychiatr. 2020;53:102252.<br \/>\nhttps:\/\/doi.org\/10.1016\/j.ajp.2020.102252<br \/>\nPMid:32593970 PMCid:PMC7305726<br \/>\n[22]. Zisook S, Shear K, Irwin S. Death, dying and bereavement. In: Sadock BJ, editor. Comprehensive Textbook of Psychiatry. 9th ed. Philadelphia: Lippincott Williams and Wilkins; 2009. pp. 2407-22.<br \/>\n[23]. Leonard Hayflick, Aging: The Reality: &#8220;Anti-Aging&#8221; Is an Oxymoron, The Journals of Gerontology: Series A. 2004;59(6):B573-B578.<br \/>\nhttps:\/\/doi.org\/10.1093\/gerona\/59.6.B573<br \/>\nPMid:15215267<br \/>\n[24]. Morgan E Levine, PhD, Assessment of Epigenetic Clocks as Biomarkers of Aging in Basic and Population Research, The Journals of Gerontology: Series A, 2020; 75(3), 463-465.<br \/>\nhttps:\/\/doi.org\/10.1093\/gerona\/glaa021<br \/>\nPMid:31995162<br \/>\n[25]. Jylh\u00e4v\u00e4 J, Pedersen NL, H\u00e4gg S. Biological Age Predictors. EBioMedicine. 2017;21:29-36.<br \/>\nhttps:\/\/doi.org\/10.1016\/j.ebiom.2017.03.046<br \/>\nPMid:28396265 PMCid:PMC5514388<br \/>\n[26]. Sharma H, Jagdish V, Anusha P, Bharti S. End-of-life care: Indian perspective. Indian J Psychiatry. 2013;55(Suppl 2):S293-S298.<br \/>\nhttps:\/\/doi.org\/10.4103\/0019-5545.105554<br \/>\nPMid:23858271 PMCid:PMC3705699<br \/>\n[27]. Lindstr\u00f6m B, Eriksson M. Salutogenesis. Journal of Epidemiology &amp; Community Health 2005;59:440-442.<br \/>\nhttps:\/\/doi.org\/10.1136\/jech.2005.034777<br \/>\nPMid:15911636 PMCid:PMC1757059<br \/>\n[28]. Bircher, Johannes &amp; Hahn, Eckhart. The Meikirch Model as a Conceptual Framework for Person Centered Healthcare. European Journal for Person Centered Healthcare. 2017;5:197-201.<br \/>\nhttps:\/\/doi.org\/10.5750\/ejpch.v5i2.1284<br \/>\n[29]. Thrall PH, Bever JD, Burdon JJ. Evolutionary change in agriculture: the past, present and future. Evol Appl. 2010;3(5-6):405-408.<br \/>\nhttps:\/\/doi.org\/10.1111\/j.1752-4571.2010.00155.x<br \/>\nPMid:25567934 PMCid:PMC3352499<br \/>\n[30]. Goldschmidt EE. The Evolution of Fruit Tree Productivity: A Review. Econ Bot. 2013;67(1):51-62.<br \/>\nhttps:\/\/doi.org\/10.1007\/s12231-012-9219-y<br \/>\nPMid:23538880 PMCid:PMC3606516<br \/>\n[31]. R.Vinodh Rajkumar. Foods Obstruct and Overcome Diseases (FOOD): The Missing Interdisciplinary and Transdisciplinary Public Health Art till Covid-19 Pandemic. Int J Physiother Res 2020;8(5):3586-3594.<br \/>\nhttps:\/\/doi.org\/10.16965\/ijpr.2020.155<br \/>\n[32]. DominicMerriott. Factors associated with the farmer suicide crisis in India. Journal of Epidemiology and Global Health. 2016; 6 (4), 217-227.<br \/>\nhttps:\/\/doi.org\/10.1016\/j.jegh.2016.03.003<br \/>\nPMid:27080191 PMCid:PMC7320464<br \/>\n[33]. Fraser CE, Smith KB, Judd F, Humphreys JS, Fragar LJ, Henderson A. Farming and mental health problems and mental illness. Int J Soc Psychiatry. 2005 Dec; 51(4):340-9.<br \/>\nhttps:\/\/doi.org\/10.1177\/0020764005060844<br \/>\nPMid:16400909<br \/>\n[34]. Satya Sai MV, Revati G D, Ramya R, Swaroop AM, Maheswari E, Kumar MM. Knowledge and perception of farmers regarding pesticide usage in a rural farming village, Southern India. Indian J Occup Environ Med 2019;23:32-6<br \/>\nhttps:\/\/doi.org\/10.4103\/ijoem.IJOEM_121_18<br \/>\nPMid:31040587 PMCid:PMC6477948<br \/>\n[35]. Sahar Daghagh Yazd, Sarah Ann Wheeler, Alec Zuo. Key Risk Factors Affecting Farmers&#8217; Mental Health: A Systematic Review. Int J Environ Res Public Health. 2019 Dec;16(23): 4849.<br \/>\nhttps:\/\/doi.org\/10.3390\/ijerph16234849<br \/>\nPMid:31810320 PMCid:PMC6926562<br \/>\n[36]. Patil, Saket Anil &amp; Kadam, Yugantara &amp; Mane, AnupriyaSuresh &amp; Gore, AlkaDilip &amp; Dhumale, GirishBhimrao. The prevalence and health impact of musculoskeletal disorders among farmers. Medical Journal of Dr. D.Y. Patil Vidyapeeth. 2018; 11 (6): 485.<br \/>\nhttps:\/\/doi.org\/10.4103\/mjdrdypu.mjdrdypu_41_18<br \/>\n[37]. Gadhavi B, Shukla Y. Prevalence of work-related musculoskeletal disorders in farmers of Gujarat. International Journal of Research and Review. 2019; 6(11):231-236.<br \/>\n[38]. Garima Gupta, Tarique., Prevalence of musculoskeletal disorders in farmers of Kanpur-rural, India. Orthop Muscular Syst 2015;4:4.<br \/>\n[39]. Hemalatha K , Bharanidharan G, Anusha T. Prevalence of musculoskeletal disorder among agricultural workers in rural area of Tamil Nadu: A cross sectional study.HECS Int J Com Health and Med Res 2017;3(3):26-31.<br \/>\n[40]. Bethu Sudhakar. &#8220;Sustainable Agriculture Development in India: Issues and Challenges&#8221;, Indian Journal of Research, 2016; 5(7), ISSN &#8211; 2250-1991, pp. 293-295.<br \/>\n[41]. Lakatos L, Janka Z. Az emberi agy \u00e9s intelligencia evol\u00faci\u00f3ja [Evolution of human brain and intelligence]. Ideggyogy Sz. 2008;61(7-8):220-229.<br \/>\n[42]. Abdulai RT, Owusu-Ansah A. Essential Ingredients of a Good Research Proposal for Undergraduate and Postgraduate Students in the Social Sciences. SAGE Open. 2014.<br \/>\nhttps:\/\/doi.org\/10.1177\/2158244014548178<br \/>\n[43]. George A. Morgan, Jeffrey A. Gliner, Robert J. Harmon. Definition, Purposes, and Dimensions of Research. J. Am. Acad . Child Adoles C. Psychiatry, 1999; 8:2:P217-219.<br \/>\nhttps:\/\/doi.org\/10.1097\/00004583-199902000-00023<br \/>\nPMid:9951223<br \/>\n[44]. Pitchai Balakumar, Mohammed Naseeruddin Inamdar, and Gowraganahalli Jagadeesh. The critical steps for successful research: The research proposal and scientific writing: (A report on the pre-conference workshop held in conjunction with the 64th annual conference of the Indian Pharmaceutical Congress-2012). J Pharmacol Pharmacother. 2013 Apr-Jun; 4(2): 130-138.<br \/>\nhttps:\/\/doi.org\/10.4103\/0976-500X.110895<br \/>\nPMid:23761709 PMCid:PMC3669572<br \/>\n[45]. P.V.Ramamurti PhD, Perspectives of Research on Aging in India, Journal of Aging and Social Policy. 2003; 15:2-3, 31-43.<br \/>\nhttps:\/\/doi.org\/10.1300\/J031v15n02_03<br \/>\nPMid:14696688<br \/>\n[46]. Roberto Colom, Sherif Karama, Rex E. Jung, Richard J. Haier, Human intelligence and brain networks. Dialogues Clin Neurosci. 2010; 12(4): 489-501.<br \/>\nhttps:\/\/doi.org\/10.31887\/DCNS.2010.12.4\/rcolom<br \/>\nPMid:21319494 PMCid:PMC3181994<br \/>\n[47]. Jaya Prasad Tripathy, Geriatric care in India: A long way to go. J Midlife Health. 2014; 5(4): 205-206.<br \/>\nhttps:\/\/doi.org\/10.4103\/0976-7800.145176<br \/>\nPMid:25540574 PMCid:PMC4264287<br \/>\n[48]. Santos-Eggimann B. Evolution of the needs of older persons. Aging Clin Exp Res. 2002;14(4):287-292. doi:10.1007\/BF03324452.<br \/>\nhttps:\/\/doi.org\/10.1007\/BF03324452<br \/>\nPMid:12462374<br \/>\n[49]. Heather E. Wheeler and Stuart K. Kim. Genetics and genomics of human ageing. Philos Trans R Soc Lond B Biol Sci. 2011; 366(1561): 43-50.<br \/>\nhttps:\/\/doi.org\/10.1098\/rstb.2010.0259<br \/>\nPMid:21115529 PMCid:PMC3001305<br \/>\n[50]. Slavica Dodig, Ivana \u010cepelak, and Ivan Pavi\u0107. Hallmarks of senescence and aging. Biochem Med (Zagreb). 2019; 29(3): 030501.<br \/>\nhttps:\/\/doi.org\/10.11613\/BM.2019.030501<br \/>\nPMid:31379458 PMCid:PMC6610675<br \/>\n[51]. Ashapkin VV, Kutueva LI, Vanyushin BF. Epigenetic Clock: Just a Convenient Marker or an Active Driver of Aging?. Adv Exp Med Biol. 2019;1178:175-206. https:\/\/doi.org\/10.1007\/978-3-030-25650-0_10<br \/>\nPMid:31493228<br \/>\n[52]. Susan P Bell , Nileshkumar Patel , Nish Patel , Rajesh Sonani , Apurva Badheka , Daniel E Forman. Journal of Geriatric Cardiology. 2016;13:1-7.<br \/>\n[53]. Eeles E, Low Choy N. Frailty and Mobility. Interdiscip Top Gerontol Geriatr. 2015;41:107-120.<br \/>\nhttps:\/\/doi.org\/10.1159\/000381200<br \/>\nPMid:26301984<br \/>\n[54]. Sachin Ganorkar, Zarina Nahar Kabir, Nasreen Rustomfram, Harshad Thakur. Experiences of Older Persons in Seeking Care at a Private Hospital in Urban India. Gerontol Geriatr Med. 2020; 6: 2333721420910639.<br \/>\nhttps:\/\/doi.org\/10.1177\/2333721420910639<br \/>\nPMid:32284954 PMCid:PMC7139167<br \/>\n[55]. Avers, Dale, Brown, Marybeth, Chui, Kevin K, Wong, Rita A., Lusardi, Michelle. Use of the Term &#8220;Elderly&#8221;, Journal of Geriatric Physical Therapy: 2011; 34 (4):153-154.<br \/>\nhttps:\/\/doi.org\/10.1519\/JPT.0b013e31823ab7ec<br \/>\nPMid:22113395<br \/>\n[56]. Paul N S, Asirvatham M. Geriatric health policy in India: The need for scaling-up implementation. J Family Med Prim Care. 2016;5:242-7.<br \/>\nhttps:\/\/doi.org\/10.4103\/2249-4863.192333<br \/>\nPMid:27843821 PMCid:PMC5084541<br \/>\n[57]. Mane AB. Elderly Care in India: Way Forward. J Gerontol Geriatr Res. 2016; 5: 339.<br \/>\nhttps:\/\/doi.org\/10.4172\/2167-7182.1000339<br \/>\n[58]. D Jamuna. Issues of Elder Care and Elder Abuse in the Indian Context. Journal of Aging &amp; Social Policy. 2003; 15(2-3):125-42.<br \/>\nhttps:\/\/doi.org\/10.1300\/J031v15n02_08<br \/>\nPMid:14696693<br \/>\n[59]. R.Vinodh Rajkumar. Gravitational Torque Deficiency Syndrome &#8211; A Prospective Clinical Terminology- Part 1, Int J Physiother Res. 2016;4(5):1668-78.<br \/>\nhttps:\/\/doi.org\/10.16965\/ijpr.2016.161<br \/>\n[60]. R.Vinodh Rajkumar. Breathing Rate\/Rhythm Evaluation Ascertains Total Health (BREATH): The Pulmonary Panacea. Int J Physiother Res 2020; 8(5): 3609 &#8211; 3619.<br \/>\nhttps:\/\/doi.org\/10.16965\/ijpr.2020.161<br \/>\n[61]. R. Vinodh Rajkumar. Prevalence of Outward Deviation of Feet in Human Gait: A Non-participant Observation. Int J Physiother Res 2020;8(1):3378-3387.<br \/>\nhttps:\/\/doi.org\/10.16965\/ijpr.2020.101<br \/>\n[62]. R.Vinodh Rajkumar. Endomorphy dominance among non-athlete population in all the ranges of Body Mass Index. International Journal of Physiotherapy and Research 2015;3 (3):1068-1074.<br \/>\nhttps:\/\/doi.org\/10.16965\/ijpr.2015.139<br \/>\n[63]. R.Vinodh Rajkumar . Quantifying the Single Leg Balance using multiple dynamic postures on stable surface. Int J Physiother Res 2020;8(3):3462-70.<br \/>\nhttps:\/\/doi.org\/10.16965\/ijpr.2020.130<br \/>\n[64]. R.Vinodh Rajkumar. Indirect estimation of the step length of walking and running performances on the treadmill. Int J Physiother Res 2020;8(2):3407-3414.<br \/>\nhttps:\/\/doi.org\/10.16965\/ijpr.2020.110<br \/>\n[65]. Goldstein DS. Stress-induced activation of the sympathetic nervous system. Baillieres Clin Endocrinol Metab. 1987;1(2):253-78.<br \/>\nhttps:\/\/doi.org\/10.1016\/S0950-351X(87)80063-0<br \/>\n[66]. Robinder JS Dhillon, Sarfaraz Hasni. Pathogenesis and Management of Sarcopenia. Clin Geriatr Med. 2017 ; 33(1): 17-26.<br \/>\nhttps:\/\/doi.org\/10.1016\/j.cger.2016.08.002<br \/>\nPMid:27886695 PMCid:PMC5127276<br \/>\n[67]. Ziemmsen T and Siepmann T. The Investigation of the Cardiovascular and Sudomotor Autonomic Nervous System &#8211; A Review. Front.Neurol. 2019; 10:53.<br \/>\nhttps:\/\/doi.org\/10.3389\/fneur.2019.00053<br \/>\nPMid:30809183 PMCid:PMC6380109<\/p>\n<p style=\"text-align: justify;\">\n\t\t\t <div class=\"promo1\" style=\"background-color:#f7f7f7; border-color: #3498db #e8e6e6 #e8e6e6;\">\n             \t <span style=\"color: #3498db;\"><strong>Cite this article:<\/strong><\/span> R. Vinodh Rajkumar. RESISTING MORBIDITY AND MORTALITY (RMM): AN EQUITABLE PUBLIC HEALTH. Int J Physiother Res 2020;8(6):3693-3705. DOI: 10.16965\/ijpr.2020.177 \n             <\/div>\t\n\t\t\n","protected":false},"excerpt":{"rendered":"<p>Type of Article: \u00a0Review Volume 8; Issue 6 (December 2020) Page No.: 3693-3705 DOI:\u00a0https:\/\/dx.doi.org\/10.16965\/ijpr.2020.177 RESISTING MORBIDITY AND MORTALITY (RMM): AN EQUITABLE PUBLIC HEALTH R. Vinodh Rajkumar. Physiotherapist, Anthropologist &amp; Gerontologist. Director \u2013 Prabhanjeet Fitness Research Institute OPC Private Limited, Bangalore, Karnataka, India. Corresponding Author: R. Vinodh Rajkumar, Physiotherapist, Anthropologist &amp; Gerontologist. Director \u2013 Prabhanjeet Fitness<br \/><a class=\"moretag\" href=\"https:\/\/www.ijmhr.org\/IntJPhysiotherRes\/ijpr-2020-177\">+ Read More<\/a><\/p>\n","protected":false},"author":1,"featured_media":0,"parent":0,"menu_order":0,"comment_status":"closed","ping_status":"open","template":"","meta":{"footnotes":""},"class_list":["post-929","page","type-page","status-publish","hentry"],"_links":{"self":[{"href":"https:\/\/www.ijmhr.org\/IntJPhysiotherRes\/wp-json\/wp\/v2\/pages\/929"}],"collection":[{"href":"https:\/\/www.ijmhr.org\/IntJPhysiotherRes\/wp-json\/wp\/v2\/pages"}],"about":[{"href":"https:\/\/www.ijmhr.org\/IntJPhysiotherRes\/wp-json\/wp\/v2\/types\/page"}],"author":[{"embeddable":true,"href":"https:\/\/www.ijmhr.org\/IntJPhysiotherRes\/wp-json\/wp\/v2\/users\/1"}],"replies":[{"embeddable":true,"href":"https:\/\/www.ijmhr.org\/IntJPhysiotherRes\/wp-json\/wp\/v2\/comments?post=929"}],"version-history":[{"count":2,"href":"https:\/\/www.ijmhr.org\/IntJPhysiotherRes\/wp-json\/wp\/v2\/pages\/929\/revisions"}],"predecessor-version":[{"id":934,"href":"https:\/\/www.ijmhr.org\/IntJPhysiotherRes\/wp-json\/wp\/v2\/pages\/929\/revisions\/934"}],"wp:attachment":[{"href":"https:\/\/www.ijmhr.org\/IntJPhysiotherRes\/wp-json\/wp\/v2\/media?parent=929"}],"curies":[{"name":"wp","href":"https:\/\/api.w.org\/{rel}","templated":true}]}}