{"id":907,"date":"2020-10-11T09:53:13","date_gmt":"2020-10-11T09:53:13","guid":{"rendered":"http:\/\/www.ijmhr.org\/IntJPhysiotherRes\/?page_id=907"},"modified":"2020-10-11T09:53:13","modified_gmt":"2020-10-11T09:53:13","slug":"ijpr-2020-166","status":"publish","type":"page","link":"https:\/\/www.ijmhr.org\/IntJPhysiotherRes\/ijpr-2020-166","title":{"rendered":"IJPR.2020.166"},"content":{"rendered":"<p style=\"text-align: justify;\"><div class=\"su-row\"><div class=\"su-column su-column-size-1-2\"><div class=\"su-column-inner su-u-clearfix su-u-trim\"><div class=\"su-button-center\"><a href=\"https:\/\/www.ijmhr.org\/ijpr.8.5\/IJPR.2020.166.pdf\" class=\"su-button su-button-style-default\" style=\"color:#FFFFFF;background-color:#3498db;border-color:#2a7ab0;border-radius:5px\" target=\"_self\"><span style=\"color:#FFFFFF;padding:6px 16px;font-size:13px;line-height:20px;border-color:#71b7e6;border-radius:5px;text-shadow:none\"><i class=\"sui sui-cloud-download\" style=\"font-size:13px;color:#FFFFFF\"><\/i> DOWNLOAD PDF<\/span><\/a><\/div><\/div><\/div> <div class=\"su-column su-column-size-1-2\"><div class=\"su-column-inner su-u-clearfix su-u-trim\"><div class=\"su-button-center\"><a href=\"https:\/\/www.ijmhr.org\/ijpr_vol8_5.html\" class=\"su-button su-button-style-default\" style=\"color:#FFFFFF;background-color:#3498db;border-color:#2a7ab0;border-radius:5px\" target=\"_self\"><span style=\"color:#FFFFFF;padding:6px 16px;font-size:13px;line-height:20px;border-color:#71b7e6;border-radius:5px;text-shadow:none\"><i class=\"sui sui-book\" style=\"font-size:13px;color:#FFFFFF\"><\/i> Table of Contents<\/span><\/a><\/div><\/div><\/div><\/div>\n<h3 style=\"text-align: justify;\"><strong>Type of Article:<\/strong> \u00a0Original Research<\/h3>\n<h3 style=\"text-align: justify;\"><strong>Volume 8; Issue 5 (October 2020)<\/strong><\/h3>\n<h3 style=\"text-align: justify;\"><strong>Page No.:<\/strong> 3634-3638<\/h3>\n<h3 style=\"text-align: justify;\"><strong>DOI:\u00a0<\/strong>https:\/\/dx.doi.org\/10.16965\/ijpr.2020.166<\/h3>\n<h3 style=\"text-align: justify;\">REASONS FOR OMISSION OF PHYSIOTHERAPY IN A TERTIARY CARE INSTITUTE IN MUMBAI<\/h3>\n<p style=\"text-align: justify;\"><strong>Sanjith Saseedharan *<sup>1<\/sup>, Paulomi Shah <sup>2<\/sup>, Vaijayanti Kadam <sup>3<\/sup>.<\/strong><\/p>\n<p style=\"text-align: justify;\"><sup>*1 <\/sup>Head-Department of Critical Care, S.L. Raheja Hospital (A Fortis Associate), Mumbai, Maharashtra, India.<\/p>\n<p style=\"text-align: justify;\"><sup>2<\/sup>Registrar, Dept of Critical Care, S. L. Raheja hospital (A Fortis Associate), Mumbai, Maharashtra, India.<\/p>\n<p style=\"text-align: justify;\"><sup>3<\/sup>Associate Consultant, Dept of Critical Care, S. L. Raheja hospital (A Fortis Associate), Mumbai, Maharashtra, India.<\/p>\n<p style=\"text-align: justify;\"><strong>Corresponding Author:<\/strong> Dr. Sanjith Saseedharan, Dept of critical care,S.L.Raheja Hospital(A Fortis associate), Raheja Marg,Police colony, Mahim,Mumbai, Maharashtra, India. Phone number: 02266529999,9930925503,9004479549\u00a0<strong>E-Mail:<\/strong> docsanjith@rediffmail.com<\/p>\n<p style=\"text-align: justify;\"><strong>ABSTRACT<\/strong><\/p>\n<p style=\"text-align: justify;\"><strong>Background: <\/strong>As critical care is progressing, we are able salvage many patients, many of which in the past decades, would not have survived. A good number of these patients spend prolonged time in the intensive care unit(ICU). The after effect of which is myopathy, respiratory muscle weakness, neuropathy etc. Physiotherapy is an especially important armamentarium in the arsenal of critical care medicine which helps in the prevention of morbidity. However, there are reasons why there is omission in the performance of physiotherapy in the intensive care unit.<\/p>\n<p style=\"text-align: justify;\"><strong>Purpose of study: <\/strong>To study the commonest reasons of omission of physiotherapy in a tertiary care hospital intensive care unit and thus help in devising methods or intervention for prevention of the same.<\/p>\n<p style=\"text-align: justify;\"><strong>Methods:<\/strong> This study was performed by reviewing data from the charts of 240 consecutive patients admitted to a mixed medical surgical intensive care unit in Mumbai. Patients were prescribed physiotherapy by the intensive care physician a day in advance depending on the clinical indications and suitability for the same. The physiotherapist then decided the therapy for the following days and scheduled them accordingly. The reason of the omission of the \u00a0session was documented by the physiotherapist responsible for the conduct of the session. The common reasons for omission of sessions were noted for analysis.<\/p>\n<p style=\"text-align: justify;\"><strong>Results: <\/strong>Physiotherapy was missed in 32 % of cases and this was predominantly seen in the morning hours. The most common reason (36%) was patient refusal, attributed to inadequate sleep in the night hours. The next common reason (22%) was the requirement of shifting the patient to the diagnostic room for investigations, namely imaging, and hence omission of physiotherapy. This was followed by bedside rounds by senior consultants including teaching rounds (18%) followed by the sudden deterioration of condition in 16 % of cases.<\/p>\n<p style=\"text-align: justify;\"><strong>Conclusions: <\/strong>There are many obstacles that come in the way of the conduct of physiotherapy in large tertiary care busy intensive care units which is compounded with the lack of manpower. Like any medication assessment for the need for physiotherapy, timing of physiotherapy, the dose of physiotherapy and the actual form of therapy is a very important in improving patient care. Simple interventions can be put in place in order to avoid omission of physiotherapy.<\/p>\n<p><strong>KEY WORDS:<\/strong> Physiotherapy, Intensive care unit, Omission.<\/p>\n<p style=\"text-align: justify;\"><strong>REFERENCES<\/strong><\/p>\n<p style=\"text-align: justify;\">[1]. Needham et al Early physical medicine and rehabilitation for patients with acute respiratory failure: a quality improvement project Arch Phys Med Rehabil 2010;91:536-542.<br \/>\nhttps:\/\/doi.org\/10.1016\/j.apmr.2010.01.002<br \/>\nPMid:20382284<br \/>\n[2]. Morris PE aet al. Early intensive care unit mobility therapy in the treatment of acute respiratory failure. Crit Care Med . 2008;36:2238-2243.<br \/>\nhttps:\/\/doi.org\/10.1097\/CCM.0b013e318180b90e<br \/>\nPMid:18596631<br \/>\n[3]. Kayambu G, Boots R, Paratz J. Physical therapy for the critically ill in the ICU: a systematic review and meta-analysis. Crit Care Med. 2013 Jun;41(6):1543-54. doi: 10.1097\/CCM.0b013e31827ca637<br \/>\nhttps:\/\/doi.org\/10.1097\/CCM.0b013e31827ca637<br \/>\nPMid:23528802<br \/>\n[4]. Pozuelo-Carrascosa DP, Torres-Costoso A, Alvarez-Bueno C, Cavero-Redondo I, L\u00f3pez Mu\u00f1oz P, Mart\u00ednez-Vizca\u00edno V (2018) Multimodality respiratory physiotherapy reduces mortality but may not prevent ventilator-associated pneumonia or reduce length of stay in the intensive care unit: a systematic review. Journal of Physiotherapy 64: 222-228.<br \/>\nhttps:\/\/doi.org\/10.1016\/j.jphys.2018.08.005<br \/>\nPMid:30220625<br \/>\n[5]. Herridge MS, Cheung AM, Tansey CM, et al. One-year outcomes in survivors of the acute respiratory distress syndrome. New England Journal of Medicine. 2003;348(8):683-93.<br \/>\nhttps:\/\/doi.org\/10.1056\/NEJMoa022450<br \/>\nPMid:12594312<\/p>\n<p style=\"text-align: justify;\">\n\t\t\t <div class=\"promo1\" style=\"background-color:#f7f7f7; border-color: #3498db #e8e6e6 #e8e6e6;\">\n             \t <span style=\"color: #3498db;\"><strong>Cite this article:<\/strong><\/span> Sanjith Saseedharan, Paulomi Shah, Vaijayanti Kadam. REASONS FOR OMISSION OF PHYSIOTHERAPY IN A TERTIARY CARE INSTITUTE IN MUMBAI. Int J Physiother Res 2020;8(5):3634-3638. DOI: 10.16965\/ijpr.2020.164 \n             <\/div>\t\n\t\t\n","protected":false},"excerpt":{"rendered":"<p>Type of Article: \u00a0Original Research Volume 8; Issue 5 (October 2020) Page No.: 3634-3638 DOI:\u00a0https:\/\/dx.doi.org\/10.16965\/ijpr.2020.166 REASONS FOR OMISSION OF PHYSIOTHERAPY IN A TERTIARY CARE INSTITUTE IN MUMBAI Sanjith Saseedharan *1, Paulomi Shah 2, Vaijayanti Kadam 3. *1 Head-Department of Critical Care, S.L. Raheja Hospital (A Fortis Associate), Mumbai, Maharashtra, India. 2Registrar, Dept of Critical Care,<br \/><a class=\"moretag\" href=\"https:\/\/www.ijmhr.org\/IntJPhysiotherRes\/ijpr-2020-166\">+ Read More<\/a><\/p>\n","protected":false},"author":1,"featured_media":0,"parent":0,"menu_order":0,"comment_status":"closed","ping_status":"open","template":"","meta":{"footnotes":""},"class_list":["post-907","page","type-page","status-publish","hentry"],"_links":{"self":[{"href":"https:\/\/www.ijmhr.org\/IntJPhysiotherRes\/wp-json\/wp\/v2\/pages\/907"}],"collection":[{"href":"https:\/\/www.ijmhr.org\/IntJPhysiotherRes\/wp-json\/wp\/v2\/pages"}],"about":[{"href":"https:\/\/www.ijmhr.org\/IntJPhysiotherRes\/wp-json\/wp\/v2\/types\/page"}],"author":[{"embeddable":true,"href":"https:\/\/www.ijmhr.org\/IntJPhysiotherRes\/wp-json\/wp\/v2\/users\/1"}],"replies":[{"embeddable":true,"href":"https:\/\/www.ijmhr.org\/IntJPhysiotherRes\/wp-json\/wp\/v2\/comments?post=907"}],"version-history":[{"count":1,"href":"https:\/\/www.ijmhr.org\/IntJPhysiotherRes\/wp-json\/wp\/v2\/pages\/907\/revisions"}],"predecessor-version":[{"id":914,"href":"https:\/\/www.ijmhr.org\/IntJPhysiotherRes\/wp-json\/wp\/v2\/pages\/907\/revisions\/914"}],"wp:attachment":[{"href":"https:\/\/www.ijmhr.org\/IntJPhysiotherRes\/wp-json\/wp\/v2\/media?parent=907"}],"curies":[{"name":"wp","href":"https:\/\/api.w.org\/{rel}","templated":true}]}}