{"id":483,"date":"2018-02-11T03:57:58","date_gmt":"2018-02-11T03:57:58","guid":{"rendered":"http:\/\/www.ijmhr.org\/IntJPhysiotherRes\/?page_id=483"},"modified":"2018-03-19T16:07:41","modified_gmt":"2018-03-19T16:07:41","slug":"ijpr-2017-267","status":"publish","type":"page","link":"https:\/\/www.ijmhr.org\/IntJPhysiotherRes\/ijpr-2017-267","title":{"rendered":"IJPR.2017.267"},"content":{"rendered":"<p style=\"text-align: justify;\"><div class=\"su-row\"><div class=\"su-column su-column-size-1-2\"><div class=\"su-column-inner su-u-clearfix su-u-trim\"><div class=\"su-button-center\"><a href=\"https:\/\/www.ijmhr.org\/ijpr.6.1\/IJPR.2017.267.pdf\" class=\"su-button su-button-style-default\" style=\"color:#FFFFFF;background-color:#3498db;border-color:#2a7ab0;border-radius:5px\" target=\"_self\"><span style=\"color:#FFFFFF;padding:6px 16px;font-size:13px;line-height:20px;border-color:#71b7e6;border-radius:5px;text-shadow:none\"><i class=\"sui sui-cloud-download\" style=\"font-size:13px;color:#FFFFFF\"><\/i> DOWNLOAD PDF<\/span><\/a><\/div><\/div><\/div> <div class=\"su-column su-column-size-1-2\"><div class=\"su-column-inner su-u-clearfix su-u-trim\"><div class=\"su-button-center\"><a href=\"https:\/\/www.ijmhr.org\/ijpr_vol6_1.html\" class=\"su-button su-button-style-default\" style=\"color:#FFFFFF;background-color:#3498db;border-color:#2a7ab0;border-radius:5px\" target=\"_self\"><span style=\"color:#FFFFFF;padding:6px 16px;font-size:13px;line-height:20px;border-color:#71b7e6;border-radius:5px;text-shadow:none\"><i class=\"sui sui-book\" style=\"font-size:13px;color:#FFFFFF\"><\/i> Table of Contents<\/span><\/a><\/div><\/div><\/div><\/div>\n<h3 style=\"text-align: justify;\"><strong>Type of Article:<\/strong>\u00a0\u00a0Case Report<\/h3>\n<h3 style=\"text-align: justify;\"><strong>Volume 6; Issue 1 (February 2018)<\/strong><\/h3>\n<h3 style=\"text-align: justify;\"><strong>Page No.:<\/strong>\u00a02623-2626<\/h3>\n<h3 style=\"text-align: justify;\"><strong>DOI:\u00a0<\/strong>https:\/\/dx.doi.org\/10.16965\/ijpr.2017.267<\/h3>\n<h3 style=\"text-align: justify;\">SPINAL ARTERIOVENOUS METAMERIC SYNDROME: ROLE OF PHYSIOTHERAPY: A CASE REPORT<\/h3>\n<p><strong>Binita Lama *<sup>1<\/sup>, Pallavi Wajapey <sup>2<\/sup>, Ishwor Pyatha <sup>3<\/sup>.<\/strong><\/p>\n<p><sup>1 <\/sup>Student, RV College of Physiotherapy, Bangalore, Karnataka, India.<\/p>\n<p><sup>2 <\/sup>Assistant Professor, RV College of Physiotherapy, Bangalore, Karnataka, India.<\/p>\n<p><sup>3 <\/sup>Student, \u00a0RV College of Physiotherapy, Bangalore, Karnataka, India.<\/p>\n<p style=\"text-align: justify;\"><strong>Address for Correspondence:<\/strong>\u00a0 Binita Lama, RV College of Physiotherapy, Bangalore, Karnataka, India. <strong>E-Mail:<\/strong> bntaso7@gmail.com<\/p>\n<p style=\"text-align: justify;\"><strong>ABSTRACT<\/strong><\/p>\n<p style=\"text-align: justify;\"><strong>Background:<\/strong> Spinal arteriovenous metameric syndrome (SAMS), also known as Cobb syndrome is a rare metameric developmental disorder presenting as an extradural-intradural vascular malformation that involves bone, muscle, skin, spinal cord, and nerve roots.<\/p>\n<p style=\"text-align: justify;\"><strong>Case Report:<\/strong> An 11-year-old girl presented with history of progressive paraparesis, lower extremity sensory loss, along with bowel and bladder incontinence who was diagnosed with Cobb syndrome. She underwent endovascular embolization of one arterial feeder and two metameric components. Post embolization patient experienced further decline in muscle strength. Physiotherapy regimen was implemented for 4-5 days per week for period of two months. The patient was discharged with a home exercise programme.<\/p>\n<p style=\"text-align: justify;\">Result: At the time of discharge, muscle power was improved. Patient was able to walk with the help of walker.<\/p>\n<p style=\"text-align: justify;\"><strong>Conclusion:<\/strong> Spinal metameric arteriovenous syndrome is a complex nonhereditary genetic vascular disorder associated with variety of neurologic deficits. Physiotherapy management will play a major role in minimizing disability hence improve clinical outcome.<\/p>\n<p style=\"text-align: justify;\"><strong>KEY WORDS<\/strong>: Spinal Arteriovenous Metameric Syndrome, Progressive Paraparesis, Embolization, Physiotherapy.<\/p>\n<p style=\"text-align: justify;\"><strong>REFERENCES<\/strong><\/p>\n<ol>\n<li style=\"text-align: justify;\">Komiyama M, Ishiguro T, Terada A, Watanabe Y et al. Spinal arteriovenous metameric syndrome in a neonate presenting with congestive heart failure: case report. Childs Nerv Syst. 31 May 2017;30(9):1607-1611.<\/li>\n<li style=\"text-align: justify;\">Maramattom BV, Cohen-Gadol AA, Wijdicks EF, et al. Segmental cutaneous hemangioma and spinal arteriovenous malformation (Cobb syndrome). Case report and historical perspective. J Neurosurg Spine. 2005; 3: 249\u201352.<\/li>\n<li style=\"text-align: justify;\">Miyatake S, Kikuchi H, Koide T, et al. Cobb\u2019s syndrome and its treatment with embolization. J Neurosurg. 1990; 72: 497\u20139.<\/li>\n<li style=\"text-align: justify;\">PalP, Ray S, Chakraborty S, Dey S, Talukdar A. Cobb syndrome: A rare cause of paraplegia. Annals of Neurosciences. 2015;22(3).<\/li>\n<li style=\"text-align: justify;\">MatsumaruY, PongpechS, LaothamasJ, etal. Multifocal and metameric spinal cord arteriovenous malformations: review of 19 cases. Interv Neuroradiol. 1999;5:27\u201334.<\/li>\n<li style=\"text-align: justify;\">Niimi, N. Uchiyama, L. Elijovich and A. Berenstein Spinal Arteriovenous Metameric Syndrome: Clinical Manifestations and Endovascular Management American Journal of Neuroradiology February 2013; 34(2):457-463. DOI: https:\/\/doi.org\/10.3174\/ajnr.A3212<\/li>\n<li style=\"text-align: justify;\">Clark MT, Brooks EL, Chong W, Pappas C, Fahey M: Cobb syndrome: a case report and systematic review of the literature. Pediatr\u2002Neurol. 2008;39:423\u2013425.<\/li>\n<li style=\"text-align: justify;\">Dilm\u00e9-Carreras E, Iglesias-Sancho M, M\u00e1rquez-Balb\u00e1s G, Sola-Ortigosa J, Umbert-Millet P: Cobb syndrome: case report and review of the literature. Dermatology. 2010;221:110\u2013112.<\/li>\n<li style=\"text-align: justify;\">Jessen RT, Thompson S, Smith EB: Cobb syndrome. Arch\u2002Dermatol. 1997;113:1587\u20131590.<\/li>\n<\/ol>\n<p style=\"text-align: justify;\">\n\t\t\t <div class=\"promo1\" style=\"background-color:#f7f7f7; border-color: #3498db #e8e6e6 #e8e6e6;\">\n             \t <span style=\"color: #3498db;\"><strong>Cite this article:<\/strong><\/span> Binita Lama, Pallavi Wajapey, Ishwor Pyatha. SPINAL ARTERIOVENOUS METAMERIC SYNDROME: ROLE OF PHYSIOTHERAPY: A CASE REPORT. Int J Physiother\u00a0Res 2018;6(1):2623-2626. DOI: 10.16965\/ijpr.2017.267 \n             <\/div>\t\n\t\t\n","protected":false},"excerpt":{"rendered":"<p>Type of Article:\u00a0\u00a0Case Report Volume 6; Issue 1 (February 2018) Page No.:\u00a02623-2626 DOI:\u00a0https:\/\/dx.doi.org\/10.16965\/ijpr.2017.267 SPINAL ARTERIOVENOUS METAMERIC SYNDROME: ROLE OF PHYSIOTHERAPY: A CASE REPORT Binita Lama *1, Pallavi Wajapey 2, Ishwor Pyatha 3. 1 Student, RV College of Physiotherapy, Bangalore, Karnataka, India. 2 Assistant Professor, RV College of Physiotherapy, Bangalore, Karnataka, India. 3 Student, \u00a0RV College<br \/><a class=\"moretag\" href=\"https:\/\/www.ijmhr.org\/IntJPhysiotherRes\/ijpr-2017-267\">+ Read More<\/a><\/p>\n","protected":false},"author":1,"featured_media":0,"parent":0,"menu_order":0,"comment_status":"closed","ping_status":"open","template":"","meta":{"footnotes":""},"class_list":["post-483","page","type-page","status-publish","hentry"],"_links":{"self":[{"href":"https:\/\/www.ijmhr.org\/IntJPhysiotherRes\/wp-json\/wp\/v2\/pages\/483"}],"collection":[{"href":"https:\/\/www.ijmhr.org\/IntJPhysiotherRes\/wp-json\/wp\/v2\/pages"}],"about":[{"href":"https:\/\/www.ijmhr.org\/IntJPhysiotherRes\/wp-json\/wp\/v2\/types\/page"}],"author":[{"embeddable":true,"href":"https:\/\/www.ijmhr.org\/IntJPhysiotherRes\/wp-json\/wp\/v2\/users\/1"}],"replies":[{"embeddable":true,"href":"https:\/\/www.ijmhr.org\/IntJPhysiotherRes\/wp-json\/wp\/v2\/comments?post=483"}],"version-history":[{"count":3,"href":"https:\/\/www.ijmhr.org\/IntJPhysiotherRes\/wp-json\/wp\/v2\/pages\/483\/revisions"}],"predecessor-version":[{"id":510,"href":"https:\/\/www.ijmhr.org\/IntJPhysiotherRes\/wp-json\/wp\/v2\/pages\/483\/revisions\/510"}],"wp:attachment":[{"href":"https:\/\/www.ijmhr.org\/IntJPhysiotherRes\/wp-json\/wp\/v2\/media?parent=483"}],"curies":[{"name":"wp","href":"https:\/\/api.w.org\/{rel}","templated":true}]}}