{"id":1398,"date":"2026-02-11T06:29:44","date_gmt":"2026-02-11T06:29:44","guid":{"rendered":"https:\/\/www.ijmhr.org\/IntJPhysiotherRes\/?page_id=1398"},"modified":"2026-02-11T06:29:44","modified_gmt":"2026-02-11T06:29:44","slug":"ijpr-2025-171","status":"publish","type":"page","link":"https:\/\/www.ijmhr.org\/IntJPhysiotherRes\/ijpr-2025-171","title":{"rendered":"IJPR.2025.171"},"content":{"rendered":"<p style=\"text-align: justify;\"><div class=\"su-row\"><div class=\"su-column su-column-size-1-2\"><div class=\"su-column-inner su-u-clearfix su-u-trim\"><div class=\"su-button-center\"><a href=\"https:\/\/www.ijmhr.org\/ijpr.14.1\/IJPR.2025.171.pdf\" class=\"su-button su-button-style-default\" style=\"color:#FFFFFF;background-color:#3498db;border-color:#2a7ab0;border-radius:5px\" target=\"_self\"><span style=\"color:#FFFFFF;padding:6px 16px;font-size:13px;line-height:20px;border-color:#71b7e6;border-radius:5px;text-shadow:none\"><i class=\"sui sui-cloud-download\" style=\"font-size:13px;color:#FFFFFF\"><\/i> DOWNLOAD PDF<\/span><\/a><\/div><\/div><\/div> <div class=\"su-column su-column-size-1-2\"><div class=\"su-column-inner su-u-clearfix su-u-trim\"><div class=\"su-button-center\"><a href=\"https:\/\/www.ijmhr.org\/ijpr_vol14_1.html\" class=\"su-button su-button-style-default\" style=\"color:#FFFFFF;background-color:#3498db;border-color:#2a7ab0;border-radius:5px\" target=\"_self\"><span style=\"color:#FFFFFF;padding:6px 16px;font-size:13px;line-height:20px;border-color:#71b7e6;border-radius:5px;text-shadow:none\"><i class=\"sui sui-book\" style=\"font-size:13px;color:#FFFFFF\"><\/i> Table of Contents<\/span><\/a><\/div><\/div><\/div><\/div>\n<h3 style=\"text-align: justify;\"><strong>Type of Article:<\/strong> \u00a0Original Research<\/h3>\n<h3 style=\"text-align: justify;\"><strong>Volume 14; Issue 1 (February 2026)<\/strong><\/h3>\n<h3 style=\"text-align: justify;\"><strong>Page No.:<\/strong> 4961-4973<\/h3>\n<h3 style=\"text-align: justify;\"><strong>DOI:\u00a0<\/strong>https:\/\/dx.doi.org\/10.16965\/ijpr.2025.171<\/h3>\n<h3 style=\"text-align: justify;\">Prevalence of Neuromuscular Pain and Injuries in Recreational Computer Gamers<\/h3>\n<p><strong>Prayag Sahebrao Dangat <sup>1<\/sup>,\u00a0 Gaurai Gharote <sup>2<\/sup><\/strong><\/p>\n<p><sup>1<\/sup> Indutai Tilak College of Physiotherapy, Pune, Maharashtra, India.<\/p>\n<p><sup>2<\/sup> Professor Musculoskeletal Sciences, Indutai Tilak College of Physiotherapy, Pune, Maharashtra, India.<\/p>\n<p style=\"text-align: justify;\"><strong>Address for the Correspondence: <\/strong>Dr. Prayag Dangat, Sr.no-15\/21, Shivratna Banglow, near Pride English School, Ambegaon Pathar, Pune 411046, Maharashtra, India. <strong>E-Mail:<\/strong>\u00a0prayag292000@gmail.com<\/p>\n<p style=\"text-align: justify;\"><strong>ABSTRACT<\/strong><\/p>\n<p style=\"text-align: justify;\"><strong>Background: <\/strong>Recreational computer gaming has become a dominant leisure activity among young adults, yet its musculoskeletal and neuromuscular health consequences remain underexplored compared to professional e\u2011sports. Prolonged static postures, repetitive fine motor actions, and inadequate ergonomic practices may predispose gamers to pain and injuries.<\/p>\n<p style=\"text-align: justify;\"><strong>Objective: <\/strong>To determine the prevalence, risk factors, and impact of neuromuscular pain and injuries among recreational personal computer (PC) gamers aged 18\u201330 years.<\/p>\n<p style=\"text-align: justify;\"><strong>Methods: <\/strong>A cross\u2011sectional observational study was conducted over six months using an online self\u2011structured questionnaire. A total of 123 recreational PC gamers were recruited via snowball sampling. Data on demographics, gaming exposure, ergonomic practices, pain characteristics, and functional impact were collected. Descriptive statistics summarized prevalence patterns, while chi\u2011square tests assessed associations between pain severity and selected variables (p &lt; 0.05).<\/p>\n<p style=\"text-align: justify;\"><strong>Results: <\/strong>Participants had a mean age of 23.36 \u00b1 2.91 years; 67% were male. Overall, 51.2% reported neuromuscular pain, most frequently in the neck (54%), lower back (34%), and eyes (32%). Pain severity was predominantly mild (49%), though 12% reported severe or very severe symptoms. Significant associations were observed between pain severity and weekly gaming exposure (\u03c7\u00b2 = 20.59, p = 0.05), daily exposure (\u03c7\u00b2 = 12.10, p = 0.04), and posture adjustment frequency (\u03c7\u00b2 = 17.16, p = 0.02). Despite recurring pain, only 22% sought medical attention, while many relied on self\u2011management strategies such as ice\/heat therapy or physiotherapy.<\/p>\n<p style=\"text-align: justify;\"><strong>Conclusion: <\/strong>Recreational PC gamers demonstrate a high prevalence of mild to moderate neuromuscular pain, strongly influenced by gaming duration, posture, and ergonomic practices. Underutilization of healthcare services highlights the need for awareness campaigns, ergonomic interventions, and preventive physiotherapy strategies to mitigate gaming\u2011related health risks in young adults.<\/p>\n<p><strong>Keywords:<\/strong> Recreational computer gaming, Neuromuscular pain, Musculoskeletal injuries, Ergonomics, Posture.<\/p>\n<p style=\"text-align: justify;\"><strong>REFERENCES<\/strong><\/p>\n<p style=\"text-align: justify;\">[1]. Fathuldeen A, Alshammiri MF, Abdulmohsen A. Prevalence and Awareness of Musculoskeletal Injuries Associated With Competitive Video Gaming in Saudi Arabia. Cureus. 2023 Apr 17<br \/>https:\/\/doi.org\/10.7759\/cureus.37733<br \/>[2]. Reem Basuodan, A Aljebreen, Sobih HA, Majrashi KA, Almutairi NH, Alhaqbani SS, et al. The impact of electronic gaming on upper-limb neuropathies among esports athletes. Medycyna Pracy. 2023 Oct 24;74(4):279-87.<br \/>https:\/\/doi.org\/10.13075\/mp.5893.01421<br \/>PMid:37966384<br \/>[3]. Shen Y, Cicchella A. Health Consequences of Intensive E-Gaming: A Systematic Review. International Journal of Environmental Research and Public Health. 2023 Jan 20;20(3):1968.<br \/>https:\/\/doi.org\/10.3390\/ijerph20031968<br \/>PMid:36767334 PMCid:PMC9915906<br \/>[4]. McGee C, Hwu M, Nicholson LL, Ho KKN. More Than a Game: Musculoskeletal Injuries and a Key Role for the Physical Therapist in Esports. Journal of Orthopaedic &amp; Sports Physical Therapy. 2021 Sep;51(9):415-7.<br \/>https:\/\/doi.org\/10.2519\/jospt.2021.0109<br \/>PMid:34465141<br \/>[5]. Cyma-Wejchenig M, Maciaszek J, Ci\u0105\u017cy\u0144ska J, Stemplewski R. The Level of Physical Activity, E-Game-Specific Reaction Time, and Self-Evaluated Health and Injuries&#8217; Occurrence in Non-Professional Esports Players. Electronics [Internet]. 2024 Jun 14;13(12):2328.<br \/>https:\/\/doi.org\/10.3390\/electronics13122328<br \/>[6]. Lindberg L, Nielsen SB, Damgaard M, Sloth OR, Rathleff MS, Straszek CL. Musculoskeletal pain is common in competitive gaming: a cross-sectional study among Danish esports athletes. BMJ Open Sport &amp; Exercise Medicine. 2020 Aug;6(1):000799.<br \/>https:\/\/doi.org\/10.1136\/bmjsem-2020-000799<br \/>PMid:33585039 PMCid:PMC7876625<br \/>[7]. Attiah M, Almutairi G, Alnahdi F, Tamim H, G\u00fcne\u015f L, Alrashid A. The prevalence of neck pain and low back pain among personal computer gamers in Saudi Arabia. Medical Science. 2022 Oct 2;26(128):1-11.<br \/>https:\/\/doi.org\/10.54905\/disssi\/v26i128\/ms391e2420<br \/>[8]. Tholl C, Bickmann P, Wechsler K, Frob\u00f6se I, Grieben C. Musculoskeletal disorders in video gamers &#8211; a systematic review. BMC Musculoskeletal Disorders. 2022 Jul 16;23(1).<br \/>https:\/\/doi.org\/10.1186\/s12891-022-05614-0<br \/>PMid:35842605 PMCid:PMC9288077<br \/>[9]. Sant K, Stafrace KM. Upper Limb Injuries secondary to Overuse in the Esports community. Is this a rising epidemic? International Journal of Esports [Internet]. 2021 Dec 22;2(2).<br \/>[10]. Forman GN, Holmes MWR. Upper-Body Pain in Gamers: An Analysis of Demographics and Gaming Habits on Gaming-Related Pain and Discomfort. Journal of Electronic Gaming and Esports. 2023 Jan 1;1(1).<br \/>https:\/\/doi.org\/10.1123\/jege.2022-0018<br \/>[11]. Phong T, Long T, Tuan L, Kristina K. Orthopedic Injuries from Video Games: A Literature Review and Implications for the Future. International Archives of Orthopaedic Surgery. 2020 Aug 31;3(2).<br \/>https:\/\/doi.org\/10.23937\/2643-4016\/1710020<br \/>PMid:32002172<br \/>[12]. Ashok K, Purushothaman VK, Muniandy Y. Prevalence of Forward Head Posture in Electronic Gamers and Associated Factors. International Journal of Aging Health and Movement [Internet]. 2020 Sep 27;2(2):19-27.<br \/>[13]. Martorana A, Guarneri B, Gujral I, Morrison L, Keane JF, Goldstein LB. The E-Sports Athlete Ergonomics: Carpal Tunnel and Common Injuries Related to Prolonged Gaming. J Community Med Public Health Rep. 2022;3(08).<br \/>https:\/\/doi.org\/10.38207\/JCMPHR\/2022\/OCT030801109<br \/>PMid:37383298 PMCid:PMC10306265<br \/>[14]. Staffan Ekefj\u00e4rd, Ramana Piussi, Eric Hamrin Senorski. Physical symptoms among professional gamers within eSports, a survey study. BMC Sports Science, Medicine and Rehabilitation. 2024 Jan 15;16(1).<br \/>https:\/\/doi.org\/10.1186\/s13102-024-00810-y<br \/>PMid:38225628 PMCid:PMC10790447<br \/>[15]. Belyea CM, Rummel G, Lanham N, Krul KP. Upper Extremity and Musculoskeletal Injuries Related to Videogame and Augmented Reality Game Usage: A Narrative Review Article. Current Reviews in Musculoskeletal Medicine. 2025 Feb 13;18(5):201-6.<br \/>https:\/\/doi.org\/10.1007\/s12178-025-09956-9<br \/>PMid:39946075 PMCid:PMC12014968<br \/>[16]. Booth-Malnack K. The Biological Basis of Nervous Tissue Repetitive Strain Injuries in eSports Competitors. Honors Thesis [Internet]. 2019 Apr 1;<br \/>[17]. Hakala PT, Saarni LA, Ketola RL, Rahkola ET, Salminen JJ, Rimpel\u00e4 AH. Computer-associated health complaints and sources of ergonomic instructions in computer-related issues among Finnish adolescents: A cross-sectional study. BMC Public Health. 2010 Jan 11;10(1).<br \/>https:\/\/doi.org\/10.1186\/1471-2458-10-11<br \/>PMid:20064250 PMCid:PMC2836294<br \/>[18]. Artur Cie\u015bla, Kochman M, Va\u0161kov\u00e1 M, Guzik A, Mariusz Dru\u017cbicki. ANALYSIS OF MUSCULOSKELETAL INJURIES AMONG ADULT INTERNET GAMING PLAYERS: A CROSS-SECTIONAL STUDY. Health Problems of Civilization [Internet]. 2025 Feb 20;19(2):194-206.<br \/>https:\/\/doi.org\/10.5114\/hpc.2024.146017<br \/>[19]. DalCortivo R, Ahn D, Amer K, Vosbikian M, Ahmed I. Incidence of Video Game-Related Upper Extremity Injuries in the United States. SurgiColl [Internet]. 2025 Mar 22 [cited 2025 Mar 30];3(1).<br \/>https:\/\/doi.org\/10.58616\/001c.126711<br \/>[20]. Kumar CS, Manoj Kumar Sharma, Senthil Amudhan, Arya S, Mahapatra S, Anand N, et al. Digital gaming, musculoskeletal, and related health hazards among adolescents and young adults. Indian Journal of Psychiatry [Internet]. 2023 Jun 1 [cited 2023 Oct 12];65(6):698-700.<br \/>https:\/\/doi.org\/10.4103\/indianjpsychiatry.indianjpsychiatry_818_22<br \/>PMid:37485403 PMCid:PMC10358808<br \/>[21]. Hakala PT, Rimpel\u00e4 AH, Saarni LA, Salminen JJ. Frequent computer-related activities increase the risk of neck-shoulder and low back pain in adolescents. European Journal of Public Health [Internet]. 2006 Mar 8;16(5):536-41.<br \/>https:\/\/doi.org\/10.1093\/eurpub\/ckl025<br \/>PMid:16524936<br \/>[22]. Silva GRR, Pitangui ACR, Xavier MKA, Correia-J\u00fanior MAV, De Ara\u00fajo RC. Prevalence of musculoskeletal pain in adolescents and association with computer and videogame use. Jornal de Pediatria. 2016 Mar;92(2):188-96.<br \/>https:\/\/doi.org\/10.1016\/j.jped.2015.06.006<br \/>PMid:26738891<br \/>[23]. Pelletier VH, Lessard A, Pich\u00e9 F, T\u00e9treau C, Descarreaux M. Video Games and Their Associations with Physical health: a Scoping Review. BMJ Open Sport &amp; Exercise Medicine [Internet]. 2020 Oct 1;6(1).<br \/>https:\/\/doi.org\/10.1136\/bmjsem-2020-000832<br \/>PMid:33088585 PMCid:PMC7547538<br \/>[24]. Mi Y, Zhao S, Ju F. An integrated health management model to improve the health of professional e-sports athletes: a literature review. PeerJ. 2025 Apr 21;13:e19323-3.<br \/>https:\/\/doi.org\/10.7717\/peerj.19323<br \/>PMid:40276298 PMCid:PMC12020735<br \/>[25]. Mondal R, S NG. Integrated analysis of health dynamics in esports: injury profiles, intervention strategies, and health optimization protocols. International Journal of Community Medicine and Public Health [Internet]. 2024 May 30 [cited 2024 Nov 5];11(6):2484-99.<br \/>https:\/\/doi.org\/10.18203\/2394-6040.ijcmph20241516<br \/>[26]. Samy S. Abu Naser, Al-Bayed MH. Detecting Health Problems Related to Addiction of Video Game Playing Using an Expert System [Internet]. Philpapers.org. 2016.<br \/>[27]. Yin K, Zi Y, Zhuang W, Gao Y, Tong Y, Song L, et al. Linking Esports to health risks and benefits: Current knowledge and future research needs. Journal of Sport and Health Science [Internet]. 2020 Dec 1;9(6):485-8.<br \/>https:\/\/doi.org\/10.1016\/j.jshs.2020.04.006<br \/>PMid:32417192 PMCid:PMC7749245<br \/>[28]. DiFrancisco-Donoghue J, Balentine J, Schmidt G, Zwibel H. Managing the health of the eSport athlete: an integrated health management model. BMJ Open Sport &amp; Exercise Medicine [Internet]. 2019 Jan;5(1):e000467.<br \/>https:\/\/doi.org\/10.1136\/bmjsem-2018-000467<br \/>PMid:30792883 PMCid:PMC6350739<br \/>[29]. Emara AK, Ng MK, Cruickshank JA, Kampert MW, Piuzzi NS, Schaffer JL, King D. Gamer&#8217;s health guide: optimizing performance, recognizing hazards, and promoting wellness in esports. Curr Sports Med Rep. 2020 Dec;19(12):537 45.<br \/>https:\/\/doi.org\/10.1249\/JSR.0000000000000787<br \/>PMid:33306517<br \/>[30]. Woo HC. An investigation of the relationship between electronic device usage and upper extremity musculoskeletal disorders among university students in Hong Kong by means of self-reported questionnaire, physical examinations and ultrasound imaging. Polyueduhk [Internet]. 2017;<br \/>[31]. Akinbinu TR, Mashalla YJ. Impact of computer technology on health: Computer Vision Syndrome (CVS). Med Pract Rev. 2014 Nov;5(3):20-30.<br \/>[32]. Bartley EJ, Fillingim RB. Sex differences in pain: a brief review of clinical and experimental findings. Br J Anaesth. 2013 Jul;111(1):52-8.<br \/>https:\/\/doi.org\/10.1093\/bja\/aet127<br \/>PMid:23794645 PMCid:PMC3690315<br \/>[33]. Keogh E, Nwasor EO, Boerner KE. Overview of sex and gender differences in human pain. Washington, DC: International Association for the Study of Pain (IASP); 2024.<br \/>[34]. Son C, Son D, An J, Cho S. Gender-dependent difference in the relationship between pain aspects and pain catastrophizing. Soc Behav Pers. 2019;47(2):e7718.<br \/>https:\/\/doi.org\/10.2224\/sbp.7718<br \/>[35]. Etsey M, Fenton B, Marshall A. Pain management: reviewing research that highlights differences in pain assessment and management between patients. American Medical Women&#8217;s Association (AMWA); 2025.<br \/>[36]. Bunz U, Cortese J, Sellers N. Examining younger and older adults&#8217; digital gaming habits and health measures. Gerontechnology. 2020;19(4):381-94.<br \/>https:\/\/doi.org\/10.4017\/gt.2020.19.04.381<br \/>[37]. Park SY, Yoo WG. Effects of the sustained computer work on upper cervical flexion motion. J Phys Ther Sci. 2014;26(3):441-2. doi:10.1589\/jpts.26.441<br \/>https:\/\/doi.org\/10.1589\/jpts.26.441<br \/>PMid:24707103 PMCid:PMC3976022<br \/>[38]. Joy EA, Mathai SM. The relationship between online gaming, emotional regulation and impulsivity in adolescents. Int J Indian Psychol. 2024;12(4):1242-7. doi:10.25215\/1204.116<br \/>[39]. Darwesh A, Almalhan SB, Bahmeshan SB, Alghamdi AA, Alamari MBH, Qurban W. Impact of prolonged use of video gaming on grip and pinch strength in young adult. Glob J Hum Soc Sci H Interdiscip. 2023;23(8):29-36.<br \/>https:\/\/doi.org\/10.34257\/GJHSSHVOL23IS8PG29<br \/>[40]. Over\u00e5 S, Bakken A, Hyggen C. Prevalence and characteristics of female and male esports players among Norwegian youth: a general population study. Int J Environ Res Public Health. 2024;21(9):1136. <br \/>https:\/\/doi.org\/10.3390\/ijerph21091136<br \/>PMid:39338019 PMCid:PMC11431502<\/p>\n<p style=\"text-align: justify;\">\n\t\t\t <div class=\"promo1\" style=\"background-color:#f7f7f7; border-color: #3498db #e8e6e6 #e8e6e6;\">\n             \t <span style=\"color: #3498db;\"><strong>Cite this article:<\/strong><\/span> Prayag Sahebrao Dangat, Gaurai Gharote. Prevalence of Neuromuscular Pain and Injuries in Recreational Computer Gamers. Int J Physiother Res 2026;14(1):4961-4973. DOI: 10.16965\/ijpr.2025.171 \n             <\/div>\t\n\t\t\n\n\n<p><\/p>\n","protected":false},"excerpt":{"rendered":"<p>Type of Article: \u00a0Original Research Volume 14; Issue 1 (February 2026) Page No.: 4961-4973 DOI:\u00a0https:\/\/dx.doi.org\/10.16965\/ijpr.2025.171 Prevalence of Neuromuscular Pain and Injuries in Recreational Computer Gamers Prayag Sahebrao Dangat 1,\u00a0 Gaurai Gharote 2 1 Indutai Tilak College of Physiotherapy, Pune, Maharashtra, India. 2 Professor Musculoskeletal Sciences, Indutai Tilak College of Physiotherapy, Pune, Maharashtra, India. Address for<br \/><a class=\"moretag\" href=\"https:\/\/www.ijmhr.org\/IntJPhysiotherRes\/ijpr-2025-171\">+ Read More<\/a><\/p>\n","protected":false},"author":1,"featured_media":0,"parent":0,"menu_order":0,"comment_status":"closed","ping_status":"open","template":"","meta":{"footnotes":""},"class_list":["post-1398","page","type-page","status-publish","hentry"],"_links":{"self":[{"href":"https:\/\/www.ijmhr.org\/IntJPhysiotherRes\/wp-json\/wp\/v2\/pages\/1398"}],"collection":[{"href":"https:\/\/www.ijmhr.org\/IntJPhysiotherRes\/wp-json\/wp\/v2\/pages"}],"about":[{"href":"https:\/\/www.ijmhr.org\/IntJPhysiotherRes\/wp-json\/wp\/v2\/types\/page"}],"author":[{"embeddable":true,"href":"https:\/\/www.ijmhr.org\/IntJPhysiotherRes\/wp-json\/wp\/v2\/users\/1"}],"replies":[{"embeddable":true,"href":"https:\/\/www.ijmhr.org\/IntJPhysiotherRes\/wp-json\/wp\/v2\/comments?post=1398"}],"version-history":[{"count":1,"href":"https:\/\/www.ijmhr.org\/IntJPhysiotherRes\/wp-json\/wp\/v2\/pages\/1398\/revisions"}],"predecessor-version":[{"id":1401,"href":"https:\/\/www.ijmhr.org\/IntJPhysiotherRes\/wp-json\/wp\/v2\/pages\/1398\/revisions\/1401"}],"wp:attachment":[{"href":"https:\/\/www.ijmhr.org\/IntJPhysiotherRes\/wp-json\/wp\/v2\/media?parent=1398"}],"curies":[{"name":"wp","href":"https:\/\/api.w.org\/{rel}","templated":true}]}}