{"id":1080,"date":"2022-02-10T09:16:25","date_gmt":"2022-02-10T09:16:25","guid":{"rendered":"https:\/\/www.ijmhr.org\/IntJPhysiotherRes\/?page_id=1080"},"modified":"2022-04-11T00:29:57","modified_gmt":"2022-04-11T00:29:57","slug":"ijpr-2021-210","status":"publish","type":"page","link":"https:\/\/www.ijmhr.org\/IntJPhysiotherRes\/ijpr-2021-210","title":{"rendered":"IJPR.2021.210"},"content":{"rendered":"<p style=\"text-align: justify;\"><div class=\"su-row\"><div class=\"su-column su-column-size-1-2\"><div class=\"su-column-inner su-u-clearfix su-u-trim\"><div class=\"su-button-center\"><a href=\"https:\/\/www.ijmhr.org\/ijpr.10.1\/IJPR.2021.210.pdf\" class=\"su-button su-button-style-default\" style=\"color:#FFFFFF;background-color:#3498db;border-color:#2a7ab0;border-radius:5px\" target=\"_self\"><span style=\"color:#FFFFFF;padding:6px 16px;font-size:13px;line-height:20px;border-color:#71b7e6;border-radius:5px;text-shadow:none\"><i class=\"sui sui-cloud-download\" style=\"font-size:13px;color:#FFFFFF\"><\/i> DOWNLOAD PDF<\/span><\/a><\/div><\/div><\/div> <div class=\"su-column su-column-size-1-2\"><div class=\"su-column-inner su-u-clearfix su-u-trim\"><div class=\"su-button-center\"><a href=\"https:\/\/www.ijmhr.org\/ijpr_vol10_1.html\" class=\"su-button su-button-style-default\" style=\"color:#FFFFFF;background-color:#3498db;border-color:#2a7ab0;border-radius:5px\" target=\"_self\"><span style=\"color:#FFFFFF;padding:6px 16px;font-size:13px;line-height:20px;border-color:#71b7e6;border-radius:5px;text-shadow:none\"><i class=\"sui sui-book\" style=\"font-size:13px;color:#FFFFFF\"><\/i> Table of Contents<\/span><\/a><\/div><\/div><\/div><\/div>\n<h3 style=\"text-align: justify;\"><strong>Type of Article:<\/strong> \u00a0Original Research<\/h3>\n<h3 style=\"text-align: justify;\"><strong>Volume 10; Issue 1 (February 2022)<\/strong><\/h3>\n<h3 style=\"text-align: justify;\"><strong>Page No.:<\/strong> 4095-4101<\/h3>\n<h3 style=\"text-align: justify;\"><strong>DOI:\u00a0<\/strong>https:\/\/dx.doi.org\/10.16965\/ijpr.2021.210<\/h3>\n<h3 style=\"text-align: justify;\">Reliability of OHM 3000 Plantar Pressure System for Measurement of Plantar Pressures in Healthy Indian Population<\/h3>\n<p style=\"text-align: justify;\"><strong>Neha SAWANT <sup>1<\/sup>, Sanket VAIDYA <sup>2<\/sup>.<\/strong><\/p>\n<p style=\"text-align: justify;\"><sup>*1 <\/sup>Research Associate, Department of Research, Kan Innovations Pvt Ltd, Mumbai, Maharashtra, India.<br \/><a href=\"https:\/\/orcid.org\/0000-0003-3492-9865\">https:\/\/orcid.org\/0000-0003-3492-9865<\/a><\/p>\n<p style=\"text-align: justify;\"><sup>2 <\/sup>BPT, Department of Research, Kan Innovations Pvt Ltd, Mumbai, Maharashtra, India. <br \/><a href=\"https:\/\/orcid.org\/0000-0002-2674-4564\">https:\/\/orcid.org\/0000-0002-2674-4564<\/a><strong>\u00a0<\/strong><\/p>\n<p style=\"text-align: justify;\"><strong>Corresponding author:\u00a0 <\/strong>Dr. Neha SAWANT (PT), Research Associate, Department of Research, Kan Innovations Pvt Ltd, Mumbai, Maharashtra, India.\u00a0 \u00a0<strong>E-Mail:<\/strong> nehas@kaninnovations.com; neha8188@gmail.com<\/p>\n<p style=\"text-align: justify;\"><strong>ABSTRACT<\/strong><\/p>\n<p style=\"text-align: justify;\"><strong>Purpose:<\/strong> The aim of this study is to determine intra and inter-session repeatability and reliability of OHM 3000 for reporting static and dynamic pressures in healthy Indian population.<\/p>\n<p style=\"text-align: justify;\"><strong>Methods:\u00a0 <\/strong>Using OHM 3000, twenty-eight healthy adults who did not present any gait abnormalities or musculoskeletal conditions were assessed one week apart for static and dynamic pressure. Bipedal stance test was used for assessing static variables- maximum pressure, average pressure, contact area, and weight distribution; whereas dynamic test was used for assessing dynamic variables- maximum pressure, average pressure, and contact area. Each participant performed three trials under supervision of each investigator.<\/p>\n<p style=\"text-align: justify;\"><strong>Results:<\/strong> Reliability was devised using ICC values and coefficient of variance for static and dynamic variables. ICC values for static and dynamic variables were reported to range between 0.88 to 0.94 and 0.61 to 0.98 respectively.\u00a0 Covariance values were reported to be lower than 13% in static and dynamic pressures recorded by both investigators.<\/p>\n<p style=\"text-align: justify;\"><strong>Conclusion<\/strong>: The study reports that OHM 3000 is a reliable device for assessing static and dynamic pressure in healthy adults demonstrating moderate to good reliability.<\/p>\n<p style=\"text-align: justify;\"><strong>Keywords<\/strong><strong>: <\/strong>Gait, Foot, Plantar Pressure.<\/p>\n<p style=\"text-align: justify;\"><strong>REFERENCES<\/strong><\/p>\n<p style=\"text-align: justify;\">[1]. Manganaro D, Dollinger B, Nezwek TA, Sadiq NM. Anatomy, Bony Pelvis and Lower Limb, Foot Joints. StatPearls [Internet]. 2019 Aug 18. <br \/>[2]. Abu-Naser SS, MAHDI AO. A proposed expert system for foot diseases diagnosis. American Journal of Innovative Research and Applied Sciences 2016;2(4):155-168.<br \/>[3]. Milner CE. Functional Anatomy for Sport and Exercise: A Quick A-to-Z Reference. Routledge; 2019 Apr 25.<br \/>[4]. Brockett CL, Chapman GJ. Biomechanics of the ankle. Orthopaedics and trauma. 2016 Jun 1;30(3):232-8.<br \/>[5]. Wright WG, Ivanenko YP, Gurfinkel VS. Foot anatomy specialization for postural sensation and control. Journal of neurophysiology. 2012 Mar 1;107(5):1513-21. <br \/>[6]. Gates LS, Arden NK, Hannan MT, Roddy E, Gill TK, Hill CL et al. Prevalence of foot pain across an international Consortium of Population\u2010Based cohorts. Arthritis care &amp; research. 2019 May;71(5):661-70. <br \/>[7]. Hong CY, Guo LY, Song R, Nagurka ML, Sung JL, Yen CW. Assessing postural stability via the correlation patterns of vertical ground reaction force components. Biomedical engineering online. 2016 Dec;15(1):1-8.<br \/>[8]. Vaverka F, Elfmark M, Svoboda Z, Janura M. System of gait analysis based on ground reaction force assessment. Acta Gymnica. 2015 Dec 31;45(4):187-93.<br \/>[9]. Ismail SI, Nunome H, Marzuki FF, Suaidi I. The influence of additional surface on force platforms ground reaction force data during walking and running. American Journal of Sports Science. 2018;6(3):78-82.<br \/>[10]. Wannop JW, Worobets JT, Stefanyshyn DJ. Normalization of ground reaction forces, joint moments, and free moments in human locomotion. Journal of applied biomechanics. 2012 Dec 1;28(6):665-76. <br \/>[11]. Hills AP, Hennig EM, McDonald M, Bar-Or O. Plantar pressure differences between obese and non-obese adults: a biomechanical analysis. International journal of obesity. 2001 Nov;25(11):1674-9.<br \/>[12]. Hofmann UK, G\u00f6tze M, Wiesenreiter K, M\u00fcller O, W\u00fcnschel M, Mittag F. Transfer of plantar pressure from the medial to the central forefoot in patients with hallux valgus. BMC musculoskeletal disorders. 2019 Dec;20(1):1-8.<br \/>[13]. Rao S, Riskowski JL, Hannan MT. Musculoskeletal conditions of the foot and ankle: assessments and treatment options. Best Practice &amp; Research Clinical Rheumatology. 2012 Jun 1;26(3):345-68.<br \/>[14]. Choi K, Park JH, Cheong HK. Prevalence of musculoskeletal symptoms related with activities of daily living and contributing factors in Korean adults. Journal of Preventive Medicine and Public Health. 2013 Jan;46(1):39.<br \/>[15]. Wafai L, Zayegh A, Woulfe J, Aziz SM, Begg R. Identification of foot pathologies based on plantar pressure asymmetry. Sensors. 2015 Aug;15(8):20392-408.<br \/>[16]. Bus SA, Van Deursen RW, Armstrong DG, Lewis JE, Caravaggi CF, Cavanagh PR, International Working Group on the Diabetic Foot (IWGDF). Footwear and offloading interventions to prevent and heal foot ulcers and reduce plantar pressure in patients with diabetes: a systematic review. Diabetes\/metabolism research and reviews. 2016 Jan;32:99-118.<br \/>[17]. Nouman M, Leelasamran W, Chatpun S. Effectiveness of total contact orthosis for plantar pressure redistribution in neuropathic diabetic patients during different walking activities. Foot &amp; ankle international. 2017 Aug;38(8):901-8.<br \/>[18]. Izquierdo-Renau M, P\u00e9rez-Soriano P, Ribas-Garc\u00eda V, Queralt A. Intra and intersession repeatability and reliability of the S-Plate\u00ae pressure platform. Gait &amp; posture. 2017 Feb 1;52:224-6.<br \/>[19]. McLaughlin P, Vaughan B, Shanahan J, Martin J, Linger G. Inexperienced examiners and the foot posture index: a reliability study. Manual therapy. 2016 Dec 1;26:238-40.<br \/>[20]. AL-Baghdadi JA, Chong AK, Milburn PD. Fabrication and testing of a low-cost foot pressure sensing system. InProceedings of the 3rd International Conference on Industrial Application Engineering 2015 Mar 28 (pp. 1-9).<br \/>[21]. Franco PS, Moro CF, Figueiredo MM, Azevedo RR, Ceccon FG, Carpes FP. Within and between-days repeatability and variability of plantar pressure measurement during walking in children, adults and older adults. Advances in Rheumatology. 2019 Jul 29;58.<br \/>[22]. Rogers A, Morrison SC, Gorst T, Paton J, Freeman J, Marsden J, Cramp MC. Repeatability of plantar pressure assessment during barefoot walking in people with stroke. Journal of Foot and Ankle Research. 2020 Dec;13(1):1-7.<br \/>[23]. McKay MJ, Baldwin JN, Ferreira P, Simic M, Vanicek N, Wojciechowski E, Mudge A, Burns J, 1000 Norms Project Consortium. Spatiotemporal and plantar pressure patterns of 1000 healthy individuals aged 3\u2013101 years. Gait &amp; posture. 2017 Oct 1;58:78-87.<br \/>[24]. Chen T. Robust Methods for Estimating the Intraclass Correlation Coefficient and for Analyzing Recurrent Event Data (Doctoral dissertation, Harvard University).<br \/>[25]. Indrayan A, Holt MP. Concise encyclopedia of biostatistics for medical professionals. Crc Press; 2016 Nov 25.<br \/>[26]. Portney LG, Watkins MP. Foundations of clinical research: applications to practice. Upper Saddle River, NJ: Pearson\/Prentice Hall; 2009.<br \/>[27]. Gurney JK, Kersting UG, Rosenbaum D. Between-day reliability of repeated plantar pressure distribution measurements in a normal population. Gait &amp; posture. 2008 May 1;27(4):706-9. <br \/>[28]. Mart\u00ednez-Nova A, Cuevas-Garc\u00eda JC, Pascual-Huerta J, S\u00e1nchez-Rodr\u00edguez R. BioFoot\u00ae in-shoe system: Normal values and assessment of the reliability and repeatability. The Foot. 2007 Dec 1;17(4):190-6.<\/p>\n<p style=\"text-align: justify;\">\n\t\t\t <div class=\"promo1\" style=\"background-color:#f7f7f7; border-color: #3498db #e8e6e6 #e8e6e6;\">\n             \t <span style=\"color: #3498db;\"><strong>Cite this article:<\/strong><\/span> Neha SAWANT, Sanket VAIDYA.\u00a0 Reliability of OHM 3000 Plantar Pressure System for Measurement of Plantar Pressures in Healthy Indian Population. Int J Physiother Res 2022;10(1):4095-4101. DOI: 10.16965\/ijpr.2021.210 \n             <\/div>\t\n\t\t\n\n\n<p><\/p>\n","protected":false},"excerpt":{"rendered":"<p>Type of Article: \u00a0Original Research Volume 10; Issue 1 (February 2022) Page No.: 4095-4101 DOI:\u00a0https:\/\/dx.doi.org\/10.16965\/ijpr.2021.210 Reliability of OHM 3000 Plantar Pressure System for Measurement of Plantar Pressures in Healthy Indian Population Neha SAWANT 1, Sanket VAIDYA 2. *1 Research Associate, Department of Research, Kan Innovations Pvt Ltd, Mumbai, Maharashtra, India.https:\/\/orcid.org\/0000-0003-3492-9865 2 BPT, Department of Research,<br \/><a class=\"moretag\" href=\"https:\/\/www.ijmhr.org\/IntJPhysiotherRes\/ijpr-2021-210\">+ Read More<\/a><\/p>\n","protected":false},"author":1,"featured_media":0,"parent":0,"menu_order":0,"comment_status":"closed","ping_status":"open","template":"","meta":{"footnotes":""},"class_list":["post-1080","page","type-page","status-publish","hentry"],"_links":{"self":[{"href":"https:\/\/www.ijmhr.org\/IntJPhysiotherRes\/wp-json\/wp\/v2\/pages\/1080"}],"collection":[{"href":"https:\/\/www.ijmhr.org\/IntJPhysiotherRes\/wp-json\/wp\/v2\/pages"}],"about":[{"href":"https:\/\/www.ijmhr.org\/IntJPhysiotherRes\/wp-json\/wp\/v2\/types\/page"}],"author":[{"embeddable":true,"href":"https:\/\/www.ijmhr.org\/IntJPhysiotherRes\/wp-json\/wp\/v2\/users\/1"}],"replies":[{"embeddable":true,"href":"https:\/\/www.ijmhr.org\/IntJPhysiotherRes\/wp-json\/wp\/v2\/comments?post=1080"}],"version-history":[{"count":3,"href":"https:\/\/www.ijmhr.org\/IntJPhysiotherRes\/wp-json\/wp\/v2\/pages\/1080\/revisions"}],"predecessor-version":[{"id":1090,"href":"https:\/\/www.ijmhr.org\/IntJPhysiotherRes\/wp-json\/wp\/v2\/pages\/1080\/revisions\/1090"}],"wp:attachment":[{"href":"https:\/\/www.ijmhr.org\/IntJPhysiotherRes\/wp-json\/wp\/v2\/media?parent=1080"}],"curies":[{"name":"wp","href":"https:\/\/api.w.org\/{rel}","templated":true}]}}