{"id":2911,"date":"2024-03-01T06:29:03","date_gmt":"2024-03-01T06:29:03","guid":{"rendered":"https:\/\/www.ijmhr.org\/IntJAnatRes\/?page_id=2911"},"modified":"2024-03-01T06:29:03","modified_gmt":"2024-03-01T06:29:03","slug":"ijar-2023-223","status":"publish","type":"page","link":"https:\/\/www.ijmhr.org\/IntJAnatRes\/ijar-2023-223","title":{"rendered":"IJAR.2023.223"},"content":{"rendered":"<div class=\"su-row\"><div class=\"su-column su-column-size-1-2\"><div class=\"su-column-inner su-u-clearfix su-u-trim\"><div class=\"su-button-center\"><a href=\"https:\/\/www.ijmhr.org\/ijar.12.1\/IJAR.2023.223.pdf\" class=\"su-button su-button-style-default\" style=\"color:#FFFFFF;background-color:#6b0e00;border-color:#560c00;border-radius:5px;-moz-border-radius:5px;-webkit-border-radius:5px\" target=\"_self\"><span style=\"color:#FFFFFF;padding:6px 16px;font-size:13px;line-height:20px;border-color:#98574d;border-radius:5px;-moz-border-radius:5px;-webkit-border-radius:5px;text-shadow:none;-moz-text-shadow:none;-webkit-text-shadow:none\"><i class=\"sui sui-cloud-download\" style=\"font-size:13px;color:#FFFFFF\"><\/i> DOWNLOAD PDF<\/span><\/a><\/div><\/div><\/div> <div class=\"su-column su-column-size-1-2\"><div class=\"su-column-inner su-u-clearfix su-u-trim\"><div class=\"su-button-center\"><a href=\"https:\/\/ijmhr.org\/ijar-vol-12-1.htm\" class=\"su-button su-button-style-default\" style=\"color:#FFFFFF;background-color:#6b0e00;border-color:#560c00;border-radius:5px;-moz-border-radius:5px;-webkit-border-radius:5px\" target=\"_self\"><span style=\"color:#FFFFFF;padding:6px 16px;font-size:13px;line-height:20px;border-color:#98574d;border-radius:5px;-moz-border-radius:5px;-webkit-border-radius:5px;text-shadow:none;-moz-text-shadow:none;-webkit-text-shadow:none\"><i class=\"sui sui-book\" style=\"font-size:13px;color:#FFFFFF\"><\/i> Table of Contents<\/span><\/a><\/div><\/div><\/div><\/div>\n<h3 style=\"text-align: justify;\"><strong>Type of Article:<\/strong> \u00a0Original Research<\/h3>\n<h3 style=\"text-align: justify;\"><strong>Volume 12; Issue 1 (March 2024)<\/strong><\/h3>\n<h3 style=\"text-align: justify;\"><strong>Page No.:<\/strong> 8820-8826<\/h3>\n<h3 style=\"text-align: justify;\"><strong>DOI:\u00a0<\/strong>https:\/\/dx.doi.org\/10.16965\/ijar.2023.223<\/h3>\n<h3 style=\"text-align: justify;\">Impact of Online Anatomy Laboratory Video Supplementation on Students\u2019 Performance in Gross Anatomy Assessment<\/h3>\n<p><strong>Srinivasa Rao Sirasanagandla <sup>1<\/sup>, Husain Ali Al Aswami <sup>2<\/sup>, Abdullah Al Lawati <sup>2<\/sup>, Srijit Das <sup>1<\/sup>, Mohamed Al Mushaiqri <sup>1<\/sup>, Halima Albalushi *<sup>1<\/sup>.<\/strong><\/p>\n<p style=\"text-align: justify;\">*<sup>1<\/sup> Department of Human and Clinical Anatomy, College of Medicine and Health Sciences, Sultan Qaboos University, Muscat, Al-Khodh 123, Oman.<\/p>\n<p style=\"text-align: justify;\"><sup>2<\/sup> College of Medicine and Health Sciences, Sultan Qaboos University, Muscat, Al-Khodh 123, Oman.<\/p>\n<p><strong>ORCiD:<\/strong><strong>\u00a0<\/strong><\/p>\n<p><strong>Srinivasa Rao S: <\/strong>0000-0002-7261-1666<\/p>\n<p><strong>Abdullah Al Lawati: <\/strong>0000-0002-5650-6620<\/p>\n<p><strong>Husain Al Aswami: <\/strong>0009-0007-0633-7172<\/p>\n<p><strong>Srijit Das: <\/strong>0000-0001-8302-7257<\/p>\n<p><strong>Mohamed Al-Mushaiqri: <\/strong>0000-0002-2820-8968<\/p>\n<p><strong>Halima Al Balushi: <\/strong>0000-0001-5289-0445<\/p>\n<p style=\"text-align: justify;\"><strong>Corresponding Author: <\/strong>Dr. Halima Albalushi, Assistant Professor, Department of Human &amp; Clinical Anatomy, College of Medicine &amp; Health Sciences, Sultan Qaboos University, PO Box 35, PC 123, Al-Khoud, Muscat, Oman, Phone: (+968) 24141174\u00a0<strong>E-Mail:<\/strong> halima07@squ.edu.om<\/p>\n<p style=\"text-align: justify;\"><strong>ABSTRACT<\/strong>\u00a0<\/p>\n<p style=\"text-align: justify;\"><strong>Introduction: <\/strong>There are mixed reports on the effectiveness of online gross anatomy videos on medical students\u2019 academic performance. Additionally, there is a paucity of research on the impact of gross practical videos on medical students\u2019 performance. Hence, we aimed to study the impact of practical videos supplementation on students&#8217; performance in the gross anatomy examination.<\/p>\n<p style=\"text-align: justify;\"><strong>Methods: <\/strong>In the present retrospective cross-sectional study, two different cohorts of medical students were exposed to different teaching methods for learning gross anatomy practicals. The two cohorts learned practical gross anatomy face-to-face in the lab, but one cohort was supplemented with online video demonstrations. An Independent T-test was used to evaluate the differences in students\u2019 objective structured practical exam (OSPE) performances of the two cohorts. The gender differences in OSPE performances were also analysed using the one-way ANOVA test.<\/p>\n<p style=\"text-align: justify;\"><strong>Results: <\/strong>The mean score in the OSPE for the 2021 cohort was 17.35\u00b10.2, while the mean score for 2019 was 16.44 \u00b10.15. The mean score in the OSPE was significantly higher among the cohort that received hybrid practical teaching than the cohort that only received traditional teaching (<em>p<\/em> = 0.001). \u00a0<\/p>\n<p style=\"text-align: justify;\"><strong>Conclusion: <\/strong>Video supplementation was found to be effective in improving students&#8217; performance. In addition to conventional face-to-face teaching, video supplementation for gross anatomy practical sessions may be beneficial for learning gross anatomy.<\/p>\n<p><strong>Keywords:<\/strong> Gross anatomy, practical, traditional teaching, performance, learning.<\/p>\n<p style=\"text-align: justify;\"><strong>REFERENCES<\/strong><\/p>\n<p style=\"text-align: justify;\">[1]. Klein R, Tomassoni C, Rajaraman G, Winchester M, Eizenberg N, Sinnayah P. First year student perception and experience of online topographical anatomy laboratory classes using zoom technology during the covid-19 pandemic. International Journal of Innovation in Science and Mathematics Education 2021: 29.<br \/>https:\/\/doi.org\/10.30722\/IJISME.29.03.002<br \/>[2]. Khan AN, Baig S, Zain S. Importance of cadaveric dissection in learning gross anatomy. Pakistan Journal of Medicine and Dentistry 2014;3:31-5.<br \/>[3]. Mustafa AG, Taha NR, Alshboul OA, Alsalem M, Malki MI. Using YouTube to learn anatomy: Perspectives of Jordanian medical students. BioMed Research International. 2020;2020.<br \/>https:\/\/doi.org\/10.1155\/2020\/6861416<br \/>PMid:32337267 PMCid:PMC7157785<br \/>[4]. Collins AM, Quinlan CS, Dolan RT, O&#8217;Neill SP, Tierney P, Cronin KJ, Ridgway PF. Audiovisual preconditioning enhances the efficacy of an anatomical dissection course: A randomised study. Journal of Plastic, Reconstructive &amp; Aesthetic Surgery 2015;68:1010-5.<br \/>https:\/\/doi.org\/10.1016\/j.bjps.2015.03.010<br \/>PMid:25865740<br \/>[5]. Velavan S, Castellanos B. The Effectiveness of Anatomy Laboratory Videos on Osteopathic Medical Students&#8217; Performance. MedEdPublish 2018;7:79.<br \/>https:\/\/doi.org\/10.15694\/mep.2018.0000217.1<br \/>PMid:38074551 PMCid:PMC10704422<br \/>[6]. Zipay NM, Roecker CB, Derby DC, Nightingale LM. The influence of online review videos on gross anatomy course performance among doctor of chiropractic students. Journal of Chiropractic Education. 2019;34:147-55.<br \/>https:\/\/doi.org\/10.7899\/JCE-18-29<br \/>PMid:31449426 PMCid:PMC7682641<br \/>[7]. Josephson EM, Moore LJ. An electronic instructor for gross anatomy dissection. Journal of Veterinary Medical Education. 2006;33:465-73.<br \/>https:\/\/doi.org\/10.3138\/jvme.33.3.465<br \/>PMid:17035225<br \/>[8]. Saxena V, Natarajan P, O&#8217;Sullivan PS, Jain S. Effect of the use of instructional anatomy videos on student performance. Anatomical sciences education 2008;1:159-65.<br \/>https:\/\/doi.org\/10.1002\/ase.38<br \/>PMid:19177403<br \/>[9]. Mahmud W, Hyder O, Butt J, Aftab A. Dissection videos do not improve anatomy examination scores. Anatomical sciences education 2011;4:16-21.<br \/>https:\/\/doi.org\/10.1002\/ase.194<br \/>PMid:21265032<br \/>[10]. Clifton A, Mann C. Can YouTube enhance student nurse learning? Nurse Educ Today 2011;31:311-3.<br \/>https:\/\/doi.org\/10.1016\/j.nedt.2010.10.004<br \/>PMid:21036430<br \/>[11]. Jaffar AA. YouTube: An emerging tool in anatomy education. Anatomical sciences education 2012;5:158-64.<br \/>https:\/\/doi.org\/10.1002\/ase.1268<br \/>PMid:22383096<br \/>[12]. Filgueira L, Larionov A, Lannes N, Yotovski P. Anatomy Learning under COVID\u201019 Measures: A Real World Educational Experiment. The FASEB Journal 2021;35.<br \/>https:\/\/doi.org\/10.1096\/fasebj.2021.35.S1.01510<br \/>PMCid:PMC8239914<br \/>[13]. Had\u017eiomerovi\u0107 N, Had\u017eiomerovi\u0107 AI, Avdi\u0107 R, Muminovi\u0107 A, Tandir F, Bejdi\u0107 P, Pand\u017ei\u0107 A. Students&#8217; performance in teaching neuroanatomy using traditional and technology\u2010based methods. Anatomia, Histologia, Embryologia 2023;52:115-22.<br \/>https:\/\/doi.org\/10.1111\/ahe.12876<br \/>PMid:36259629<br \/>[14]. Border S. Assessing the role of screen casting and video use in anatomy education. In: Rea PM (ed) Biomedical visualization, 4th edn (1-13) Springer, 2019.<br \/>https:\/\/doi.org\/10.1007\/978-3-030-24281-7_1<br \/>PMid:31823235<br \/>[15]. Choi-Lundberg DL, Cuellar WA, Williams AM. Online dissection audiovisual resources for human anatomy: undergraduate medical students&#8217; usage and learning outcomes. Anatomical sciences education 2016;9:545-554.<br \/>https:\/\/doi.org\/10.1002\/ase.1607<br \/>PMid:27802370<br \/>[16]. Langfield T, Colthorpe K, Ainscough L. Online instructional anatomy videos: student usage, self-efficacy, and performance in upper limb regional anatomy assessment. Anatomical sciences education 2017;11:461-470.<br \/>https:\/\/doi.org\/10.1002\/ase.1756<br \/>PMid:29205947<br \/>[17]. Nation H, Kaliski D, Ortiz A. Narrated Dissection Videos and Peer-Mentoring to Enhance Anatomy Performance of Underrepresented Minority Students in Physical Therapy Education. Anatomical sciences education 2020;13:794-799.<br \/>https:\/\/doi.org\/10.1002\/ase.1971<br \/>PMid:32384222<br \/>[18]. Topping DB. Gross anatomy videos: student satisfaction, usage, and effect on student performance in a condensed curriculum. Anatomical sciences education 2014;7:273-279.<br \/>https:\/\/doi.org\/10.1002\/ase.1405<br \/>PMid:24106107<br \/>[19]. Ozer MA, Govsa F, Bati AH. Web-based teaching video packages on anatomical education. Surgical and radiologic anatomy 2017;39:1253-1261.<br \/>https:\/\/doi.org\/10.1007\/s00276-017-1889-9<br \/>PMid:28624845<br \/>[20]. Albalushi H, Al Mushaiqri M, Sirasanagandla SR, Das S. Students&#8217; Performance in Face-to-Face, Online, and Hybrid Methods of Teaching and Assessment in Anatomy. International Journal of Environmental Research and Public Health. 2022: 19:13318.<br \/>https:\/\/doi.org\/10.3390\/ijerph192013318<br \/>PMid:36293903 PMCid:PMC9602488<br \/>[21]. Bacro TR, Gebregziabher M, Fitzharris TP. Evaluation of a lecture recording system in a medical curriculum. Anatomical sciences education 2010;3:300-308.<br \/>https:\/\/doi.org\/10.1002\/ase.183<br \/>PMid:20954266<br \/>[22]. Solomon DJ, Ferenchick GS, Laird-Fick HS, Kavanaugh K. A randomized trial comparing digital and live lecture formats [ISRCTN40455708. BMC Medical Education 2004;4:1-6.<br \/>https:\/\/doi.org\/10.1186\/1472-6920-4-27<br \/>PMid:15569389 PMCid:PMC535936<br \/>[23]. Meyer AJ, Stomski NJ, Losco CD, Armson AJ. The influence of anatomy app use on chiropractic students&#8217; learning outcomes: a randomized controlled trial. Chiropractic &amp; manual therapies 2016;24:44.<br \/>https:\/\/doi.org\/10.1186\/s12998-016-0125-8<br \/>PMid:27980723 PMCid:PMC5131529<br \/>[24]. Azer SA. Can &#8220;YouTube&#8221; help students in learning surface anatomy?. Surgical and radiologic anatomy 2012;34:465-468.<br \/>https:\/\/doi.org\/10.1007\/s00276-012-0935-x<br \/>PMid:22278703<br \/>[25]. Antonopoulos I, Pechlivanidou E, Piagkou M, Panagouli E, Chrysikos D, Drosos E, Troupis T. Students&#8217; perspective on the interactive online anatomy labs during the COVID-19 pandemic. Surgical and radiologic anatomy 2022;44:1193-1199.<br \/>https:\/\/doi.org\/10.1007\/s00276-022-02974-z<br \/>PMid:35809124 PMCid:PMC9377668<\/p>\n<p style=\"text-align: justify;\">\n\t\t\t <div class=\"promo1\" style=\"background-color:#f7f7f7; border-color: #6b0e00 #e8e6e6 #e8e6e6;\">\n             \t <span style=\"color: #800000;\"><strong>Cite this article:<\/strong><\/span> Srinivasa Rao Sirasanagandla, Husain Ali Al Aswami, Abdullah Al Lawati, Srijit Das, Mohamed Al Mushaiqri, Halima Albalushi. Impact of Online Anatomy Laboratory Video Supplementation on Students\u2019 Performance in Gross Anatomy Assessment. Int J Anat Res 2024;12(1):8820-8826. <strong>DOI:\u00a0<\/strong>10.16965\/ijar.2023.223\u00a0 \n             <\/div>\t\n\t\t\n\n\n<p><\/p>\n","protected":false},"excerpt":{"rendered":"<p>Type of Article: \u00a0Original Research Volume 12; Issue 1 (March 2024) Page No.: 8820-8826 DOI:\u00a0https:\/\/dx.doi.org\/10.16965\/ijar.2023.223 Impact of Online Anatomy Laboratory Video Supplementation on Students\u2019 Performance in Gross Anatomy Assessment Srinivasa Rao Sirasanagandla 1, Husain Ali Al Aswami 2, Abdullah Al Lawati 2, Srijit Das 1, Mohamed Al Mushaiqri 1, Halima Albalushi *1. *1 Department of<br \/><a class=\"moretag\" href=\"https:\/\/www.ijmhr.org\/IntJAnatRes\/ijar-2023-223\">+ Read More<\/a><\/p>\n","protected":false},"author":1,"featured_media":0,"parent":0,"menu_order":0,"comment_status":"closed","ping_status":"closed","template":"","meta":[],"_links":{"self":[{"href":"https:\/\/www.ijmhr.org\/IntJAnatRes\/wp-json\/wp\/v2\/pages\/2911"}],"collection":[{"href":"https:\/\/www.ijmhr.org\/IntJAnatRes\/wp-json\/wp\/v2\/pages"}],"about":[{"href":"https:\/\/www.ijmhr.org\/IntJAnatRes\/wp-json\/wp\/v2\/types\/page"}],"author":[{"embeddable":true,"href":"https:\/\/www.ijmhr.org\/IntJAnatRes\/wp-json\/wp\/v2\/users\/1"}],"replies":[{"embeddable":true,"href":"https:\/\/www.ijmhr.org\/IntJAnatRes\/wp-json\/wp\/v2\/comments?post=2911"}],"version-history":[{"count":1,"href":"https:\/\/www.ijmhr.org\/IntJAnatRes\/wp-json\/wp\/v2\/pages\/2911\/revisions"}],"predecessor-version":[{"id":2919,"href":"https:\/\/www.ijmhr.org\/IntJAnatRes\/wp-json\/wp\/v2\/pages\/2911\/revisions\/2919"}],"wp:attachment":[{"href":"https:\/\/www.ijmhr.org\/IntJAnatRes\/wp-json\/wp\/v2\/media?parent=2911"}],"curies":[{"name":"wp","href":"https:\/\/api.w.org\/{rel}","templated":true}]}}