{"id":2740,"date":"2022-12-04T11:22:27","date_gmt":"2022-12-04T11:22:27","guid":{"rendered":"https:\/\/www.ijmhr.org\/IntJAnatRes\/?page_id=2740"},"modified":"2022-12-04T11:22:27","modified_gmt":"2022-12-04T11:22:27","slug":"ijar-2022-252","status":"publish","type":"page","link":"https:\/\/www.ijmhr.org\/IntJAnatRes\/ijar-2022-252","title":{"rendered":"IJAR.2022.252"},"content":{"rendered":"<div class=\"su-row\"><div class=\"su-column su-column-size-1-2\"><div class=\"su-column-inner su-u-clearfix su-u-trim\"><div class=\"su-button-center\"><a href=\"https:\/\/www.ijmhr.org\/ijar.10.4\/IJAR.2022.252.pdf\" class=\"su-button su-button-style-default\" style=\"color:#FFFFFF;background-color:#6b0e00;border-color:#560c00;border-radius:5px;-moz-border-radius:5px;-webkit-border-radius:5px\" target=\"_self\"><span style=\"color:#FFFFFF;padding:6px 16px;font-size:13px;line-height:20px;border-color:#98574d;border-radius:5px;-moz-border-radius:5px;-webkit-border-radius:5px;text-shadow:none;-moz-text-shadow:none;-webkit-text-shadow:none\"><i class=\"sui sui-cloud-download\" style=\"font-size:13px;color:#FFFFFF\"><\/i> DOWNLOAD PDF<\/span><\/a><\/div><\/div><\/div> <div class=\"su-column su-column-size-1-2\"><div class=\"su-column-inner su-u-clearfix su-u-trim\"><div class=\"su-button-center\"><a href=\"https:\/\/ijmhr.org\/ijar-vol-10-4.htm\" class=\"su-button su-button-style-default\" style=\"color:#FFFFFF;background-color:#6b0e00;border-color:#560c00;border-radius:5px;-moz-border-radius:5px;-webkit-border-radius:5px\" target=\"_self\"><span style=\"color:#FFFFFF;padding:6px 16px;font-size:13px;line-height:20px;border-color:#98574d;border-radius:5px;-moz-border-radius:5px;-webkit-border-radius:5px;text-shadow:none;-moz-text-shadow:none;-webkit-text-shadow:none\"><i class=\"sui sui-book\" style=\"font-size:13px;color:#FFFFFF\"><\/i> Table of Contents<\/span><\/a><\/div><\/div><\/div><\/div>\n<h3 style=\"text-align: justify;\"><strong>Type of Article:<\/strong> \u00a0Original Research<\/h3>\n<h3 style=\"text-align: justify;\"><strong>Volume 10; Issue 4 (December 2022)<\/strong><\/h3>\n<h3 style=\"text-align: justify;\"><strong>Page No.:<\/strong> 8512-8522<\/h3>\n<h3 style=\"text-align: justify;\"><strong>DOI:\u00a0<\/strong>https:\/\/dx.doi.org\/10.16965\/ijar.2022.252<\/h3>\n<h3 style=\"text-align: justify;\">Effects of Vitamin D On Cisplatin Induced Heart and Lung Toxicity in Albino Rat<\/h3>\n<p><strong>Sally Mahmoud Mohamed Hussein Omar <sup>1<\/sup>, Marwa Mohamed Abd El Aziz Ahmed <sup>2<\/sup>, Ola Abd El-Samie Mohamed Khalil *<sup>3<\/sup>, and Marwa Mahmoud Mady <sup>4<\/sup>.<\/strong><\/p>\n<p style=\"text-align: justify;\"><sup>1<\/sup> Lecturer, Department of Anatomy and Embryology, Faculty of Medicine, Alexandria University, Alexandria, Egypt.<\/p>\n<p><sup>2<\/sup> Lecturer, Pathology Department, Faculty of Medicine, Alexandria University, Alexandria, Egypt.<\/p>\n<p style=\"text-align: justify;\"><sup>*3<\/sup> Assistant Lecturer, Department of Anatomy and Embryology, Faculty of Medicine, Alexandria University, Alexandria, Egypt.<\/p>\n<p style=\"text-align: justify;\"><sup>4<\/sup> Lecturer, Department of Anatomy and Embryology, Faculty of Medicine, Alexandria University, Alexandria, Egypt.<\/p>\n<p><strong>ORCiD:<\/strong><\/p>\n<p><strong>Sally Mahmoud Mohamed Hussein Omar:<\/strong> 0000-0001-6601-4243<\/p>\n<p><strong>Marwa Mohamed Abd El Aziz Ahmed: <\/strong>0000-0003-4230-7775<\/p>\n<p><strong>Ola Abd El-Samie Mohamed Khalil: <\/strong>0000-0002-0728-5761<\/p>\n<p><strong>Marwa Mahmoud Mady: <\/strong>0000-0003-2318-7368<\/p>\n<p style=\"text-align: justify;\"><strong>Corresponding author: <\/strong>Ola Abd El-Samie Mohamed Khalil, Assistant Lecturer, Department of Anatomy and Embryology, Faculty of Medicine, Alexandria University, Alexandria, Egypt. <br \/><strong>E Mail: <\/strong>Ola.khalil@alexmed.edu.eg<\/p>\n<p style=\"text-align: justify;\"><strong>ABSTRACT<\/strong><\/p>\n<p style=\"text-align: justify;\"><strong>Background: <\/strong><strong>\u00a0<\/strong>While Cisplatin (CP) is a powerful DNA alkylating agent used to treat many malignancies, its clinical use is linked to a number of negative side effects. It has been proposed that vitamin D can shield biological systems against harm caused by CP. The current study&#8217;s objective was to look into how vitamin D protects the rat heart and lung against cisplatin-induced damage.<\/p>\n<p style=\"text-align: justify;\"><strong>Material and methods<\/strong>: Thirty adult male Albino rats; 180\u2013220 g body weight were allocated into 3 groups; Group I (n=10) receiving saline, Group II (n=10); rats receiving CP (single dose of 6.5 mg\/kg intraperitoneal) and Group III (n=10); receiving CP and 50 ng\/kg\/day alfacalcidol.<\/p>\n<p style=\"text-align: justify;\"><strong>Results: <\/strong>Alterations included a significant increase in malondialdehyde (MDA) level in the CP group compared with the other groups (p value for comparing between control and each other group, statistically significant at p \u2264 0.05). Histopathologically, CP induced severe changes were observed. However, the CP-induced disturbances significantly improved by treatment with Vitamin D.\u00a0\u00a0\u00a0\u00a0<\/p>\n<p style=\"text-align: justify;\"><strong>Conclusion:<\/strong> According to this study, CP treatment significantly harmed rats&#8217; hearts and lungs; however, treatment with vitamin D significantly lessened these harms.<\/p>\n<p><strong>Keywords:<\/strong> Cisplatin, Immunohistochemical, Vitamin D, Malondialdehyde, Oxidative stress.<\/p>\n<p style=\"text-align: justify;\"><strong>REFERENCES<\/strong><\/p>\n<p style=\"text-align: justify;\">[1]. Addie, Diane D et al. Disinfectant Choices in Veterinary Practices, Shelters and Households: ABCD Guidelines on Safe and Effective Disinfection for Feline Environments. Journal of feline medicine and surgery 2015;17(7): 594\u2013605.<br \/>[2]. Chaudhari, L K et al. Antimicrobial Activity of Commercially Available Essential Oils against Streptococcus Mutans.\u201d J Contemp Dent Pract 2012;13(1): 71\u201374.<br \/>[3]. Ismaili, Nabil, Mounia Amzerin, and Aude Flechon. Chemotherapy in Advanced Bladder Cancer: Current Status and Future. Journal of hematology &amp;oncology 2011;4:35. https:\/\/pubmed.ncbi.nlm.nih.gov\/21906310. <br \/>[4]. Dasari, Shaloam, and Paul Bernard Tchounwou. Cisplatin in Cancer Therapy: Molecular Mechanisms of Action. European journal of pharmacology 2014;740: 364\u201378.<br \/>[5]. K.P. Kang, et al., Alpha-lipoic acid attenuates cisplatin-induced acute kidney injury in mice by suppressing renal inflammation, Nephrol. Dial. Transplant. 2009;24(10):3012\u20133020. <br \/>[6]. Y. Chen, P. Jungsuwadee, M. Vore, D. A. Butterfield, and D. K. St Clair. Collateral damage in cancer chemotherapy: oxidative stress in nontargeted tissues. Molecular Interventions 2007;7(3):147\u2013156.<br \/>[7]. F. Leo, G. Pelosi, A. Sonzogni, M. Chilosi, G. Bonomo, and L. Spaggiari, \u201cStructural lung damage after chemotherapy: fact or fiction?,\u201d Lung Cancer, 2010;67(3):306\u2013310.<br \/>[8]. R. Pratibha, R. Sameer, P. V. Rataboli, D. A. Bhiwgade, and C. Y. Dhume. Enzymatic studies of cisplatin induced oxidative stress in hepatic tissue of rats. European Journal of Pharmacology, 2006;532(3):290\u2013293. <br \/>[9]. Ali, B.H. and Al, M.M. Agents ameliorating or augmenting the nephrotoxicity of cisplatin and other platinum compounds: a review of some recent research. Food Chem. Toxicol., 2006;44:1173-1183.<br \/>[10]. Yagmurca, M., Bas, O., Mollaoglu, H., Sahin, O., Nacar, A., Karaman, O., and Songur, A. Protective effects of erdosteine on doxorubicin-induced hepatotoxicity in rats. Arch. Med. Res., 2007;38:380-385.<br \/>[11]. Walentowicz-Sadlecka M, Sadlecki P, Walentowicz P, Grabiec M. [The role of vitamin D in the carcinogenesis of breast and ovarian cancer]. Ginekol Pol 2013; 84: 305-308.<br \/>[12]. Bae S, Singh SS, Yu H, Lee JY, Cho BR, Kang PM. Vitamin D signaling pathway plays an important role in the development of heart failure after myocardial infarction. J Appl Physiol2013;114:979-987.<br \/>[13]. Assalin HB, Rafacho BP, dos Santos PP, Ardisson LP, Roscani MG, Chiuso-Minicucci F, et al. Impact of the length of vitamin D deficiency on cardiac remodeling. Circ Heart Fail 2013;6: 809-816. <br \/>[14]. M.M. El-Sawalhi, L.A. Ahmed, Exploring the protective role of apocynin, a specific NADPH oxidase inhibitor, in cisplatin-induced cardiotoxicity in rats, Chem. Biol. Interact. 2014;207:58\u201366.<br \/>[15]. Li XW, Feng LX, Zhu XJ, Liu Q, Wang HS, Wu X, et al. Human umbilical cord blood mononuclear cells protect against renal tubulointerstitial fibrosis in cisplatin-treated rats. Biomed Pharmacother. 2020; 121:109662.<br \/>[16]. Moneim LMA, Helmy MW, El-Abhar HS. Co-targeting of endothelin-A and vitamin D receptors: a novel strategy to ameliorate cisplatin-induced nephrotoxicity. Pharmacol Rep. 2019;71(5):917-25.<br \/>[17]. T. Afsar, S. Razak, A. Almajwal, and M. R. Khan. Acacia hydaspica R. Parker ameliorates cisplatin induced oxidative stress, DNA damage and morphological alterations in rat pulmonary tissue. BMC Complementary and Alternative Medicine 2018;18 (1).article 49. <br \/>[18]. A. Kisaoglu, B. Borekci, O. E. Yapca, H. Bilen, and H. Suleyman. Tissue damage and oxidant\/antioxidant balance. The Eurasian Journal of Medicine, 2013;45 (1):47\u201349.<br \/>[19]. R. F. Del Maestro. An approach to free radicals in medicine and biology. Acta Physiologica Scandinavica. Supplementum, 1980;492:153\u2013168.<br \/>[20]. Antunes LMG, Darin JDC, Bianchi MLP. Protective effects of vitamin C against cisplatin-induced nephrotoxicity and lipid peroxidation in adult rats. Pharmacol Res 2000; 41:405\u201311.<br \/>[21]. Silva CR, Greggi Antunes LM, Bianchi ML. Antioxidant action of bixin against cisplatin-induced chromosome aberrations and lipid peroxidation in rats. Pharmacol Res 2001; 43:561\u20136. <br \/>[22]. Y. Chen, P. Jungsuwadee, M. Vore, D. A. Butterfield, and D. K. St Clair, \u201cCollateral damage in cancer chemotherapy: oxidative stress in nontargeted tissues,\u201d Molecular Interventions, 2007;7(3):147\u2013156.<br \/>[23]. R. Pratibha, R. Sameer, P. V. Rataboli, D. A. Bhiwgade, and C. Y. Dhume. Enzymatic studies of cisplatin induced oxidative stress in hepatic tissue of rats. European Journal of Pharmacology 2006;532(3):290\u2013293. <br \/>[24]. F. Leo, G. Pelosi, A. Sonzogni, M. Chilosi, G. Bonomo, and L. Spaggiari. Structural lung damage after chemotherapy: fact or fiction?, Lung Cancer, 2010;67(3):306\u2013310.<br \/>[25]. J. A. Cooper Jr., D. A. White, and R. A. Matthay. Drug-induced pulmonary disease. Part 1: cytotoxic drugs. The American Review of Respiratory Disease, 1986;133 (2):321\u2013340.<br \/>[26]. \u0130. Topal, A. \u00d6zbek Bilgin, F. Keskin \u00c7imen et al., The effect of rutin on cisplatin-induced oxidative cardiac damage in rats. The Anatolian Journal of Cardiology, 2018;20:136\u2013142.<br \/>[27]. A.A. Al-Majed, M.M. Sayed-Ahmed, A.A. Al-Yahya, A.M. Aleisa, S.S. Al-Rejaie, O.A. Al-Shabanah, Propionyl-L-carnitine prevents the progression of cisplatin-induced cardiomyopathy in a carnitine-depleted rat model, Pharmacol. Res. 2006;53(3):278\u2013286. <br \/>[28]. S.H. Ismail, A.M. Attyah, Protective effect of ginger extract against cisplatin-induced hepatotoxicity and cardiotoxicity in rats, Iraqi J. Pharm. Sci. 2012;21(1):27\u201333.<br \/>[29]. M. FLORESCU, M. CINTEZA, D. VINEREANU, Chemotherapy-induced cardiotoxicity, Maedica 2013;8(1):59.<br \/>[30]. Z.V. Varga, P. Ferdinandy, L. Liaudet, P. Pacher, Drug-induced mitochondrial dysfunction and cardiotoxicity, Am. J. Physiol. Heart Circ. Physiol. 2015;309(9):H1453\u2013H1467.<br \/>[31]. M.M. El-Sawalhi, L.A. Ahmed, Exploring the protective role of apocynin, a specific<br \/>NADPH oxidase inhibitor, in cisplatin-induced cardiotoxicity in rats, Chem. Biol. Interact. 2014;207:58\u201366.<br \/>[32]. P. Zhang, L.-h. Yi, G.-y. Meng, H.-y. Zhang, H.-h. Sun, L.-q. Cui, Apelin-13 attenuates cisplatin-induced cardiotoxicity through inhibition of ROS-mediated DNA damage and regulation of MAPKs and AKT pathways, Free Radic. Res. 2017;51 (5):449\u2013459.<br \/>[33]. M. Khan, J.C. Shobha, I.K. Mohan, M.U.R. Naidu, C. Sundaram, S. Singh, P. Kuppusamy, V.K. Kutala, Protective effect of Spirulina against doxorubicin\u2010induced cardiotoxicity, Phytother. Res. 2005;19(12):1030\u20131037.<br \/>[34]. A.V. Swamy, U. Wangikar, B. Koti, A. Thippeswamy, P. Ronad, D. Manjula, Cardioprotective effect of ascorbic acid on doxorubicin-induced myocardial toxicity in rats, Indian J. Pharmacol. 2011;43(5):507. <br \/>[35]. N. Santos, C. Catao, N. Martins, C. Curti, M. Bianchi, A. Santos, Cisplatin-induced nephrotoxicity is associated with oxidative stress, redox state unbalance, impairment of energetic metabolism and apoptosis in rat kidney mitochondria, Arch. Toxicol. 2007;81 (7):495\u2013504.<br \/>[36]. K.A. Conklin, G.L. Nicolson, Molecular replacement in cancer therapy: reversing cancer metabolic and mitochondrial dysfunction, fatigue and the adverse effects of therapy, Curr. Cancer Ther. Rev.2008;4:66\u201376.<br \/>[37]. J.-S. Kim, L. He, J.J. Lemasters, Mitochondrial permeability transition: a common pathway to necrosis and apoptosis, Biochem. Biophys. Res. Commun. 2003;304(3):463\u2013470. <br \/>[38]. Wimalawansa SJ. Vitamin D deficiency: Effects on oxidative stress, epigenetics, gene regulation, and aging. Biology (Basel). 2019;8:30. <br \/>[39]. Norman AW, Nemere I, Zhou LX, et al. 1,25(OH)2-vitamin D3, a steroid hormone that produces biologic effects via both genomic and nongenomic pathways. J Steroid Biochem Mol Biol. 1992;41:231-40.<br \/>[40]. Wang H, Chen W, Li D, et al. Vitamin D and chronic diseases. Aging Dis. 2017;8:346-53. <br \/>[41]. Wiseman H. Vitamin D is a membrane antioxidant Ability to inhibit iron-dependent lipid peroxidation in liposomes compared to cholesterol, ergosterol and tamoxifen and relevance to anticancer action. FEBS Lett. 1993;326:285-8.<br \/>[42]. C\u00e2mara AB, Brand\u00e3o IA. The relationship between vitamin D deficiency and oxidative stress can be independent of age and gender. Int J Vitam Nutr Res. 2019:1-16.<br \/>[43]. BaSalamah MA, Abdelghany AH, El-Boshy M, et al. Vitamin D alleviates lead induced renal and testicular injuries by immunomodulatory and antioxidant mechanisms in rats. Sci Rep. 2018;8:1-13. <br \/>[44]. Liu Y, He Y, Wang Q, et al. Vitamin D 3 supplementation improves testicular function in diabetic rats through peroxisome proliferator-activated receptor-\u03b3\/transforming growth factor-beta 1\/nuclear factor-kappa B. J Diabetes Investig. 2019;10:261-71. <br \/>[45]. J\u00f8rgensen A, Jensen MB, Nielsen JE, et al. Influence of vitamin D on cisplatin sensitivity in testicular germ cell cancer-derived cell lines and in a NTera2 xenograft model. J Steroid Biochem Mol Biol. 2013;136:238-46.<\/p>\n<p style=\"text-align: justify;\">\n\t\t\t <div class=\"promo1\" style=\"background-color:#f7f7f7; border-color: #6b0e00 #e8e6e6 #e8e6e6;\">\n             \t <span style=\"color: #800000;\"><strong>Cite this article:<\/strong><\/span> Sally Mahmoud Mohamed Hussein Omar, Marwa Mohamed Abd El Aziz Ahmed, Ola Abd El-Samie Mohamed Khalil, and Marwa Mahmoud Mady. Effects of Vitamin D On Cisplatin Induced Heart and Lung Toxicity in Albino Rat. Int J Anat Res 2022;10(4):8512-8522. <strong>DOI:\u00a0<\/strong>10.16965\/ijar.2022.252\u00a0 \n             <\/div>\t\n\t\t\n\n\n<p><\/p>\n","protected":false},"excerpt":{"rendered":"<p>Type of Article: \u00a0Original Research Volume 10; Issue 4 (December 2022) Page No.: 8512-8522 DOI:\u00a0https:\/\/dx.doi.org\/10.16965\/ijar.2022.252 Effects of Vitamin D On Cisplatin Induced Heart and Lung Toxicity in Albino Rat Sally Mahmoud Mohamed Hussein Omar 1, Marwa Mohamed Abd El Aziz Ahmed 2, Ola Abd El-Samie Mohamed Khalil *3, and Marwa Mahmoud Mady 4. 1 Lecturer,<br \/><a class=\"moretag\" href=\"https:\/\/www.ijmhr.org\/IntJAnatRes\/ijar-2022-252\">+ Read More<\/a><\/p>\n","protected":false},"author":1,"featured_media":0,"parent":0,"menu_order":0,"comment_status":"closed","ping_status":"closed","template":"","meta":[],"_links":{"self":[{"href":"https:\/\/www.ijmhr.org\/IntJAnatRes\/wp-json\/wp\/v2\/pages\/2740"}],"collection":[{"href":"https:\/\/www.ijmhr.org\/IntJAnatRes\/wp-json\/wp\/v2\/pages"}],"about":[{"href":"https:\/\/www.ijmhr.org\/IntJAnatRes\/wp-json\/wp\/v2\/types\/page"}],"author":[{"embeddable":true,"href":"https:\/\/www.ijmhr.org\/IntJAnatRes\/wp-json\/wp\/v2\/users\/1"}],"replies":[{"embeddable":true,"href":"https:\/\/www.ijmhr.org\/IntJAnatRes\/wp-json\/wp\/v2\/comments?post=2740"}],"version-history":[{"count":1,"href":"https:\/\/www.ijmhr.org\/IntJAnatRes\/wp-json\/wp\/v2\/pages\/2740\/revisions"}],"predecessor-version":[{"id":2751,"href":"https:\/\/www.ijmhr.org\/IntJAnatRes\/wp-json\/wp\/v2\/pages\/2740\/revisions\/2751"}],"wp:attachment":[{"href":"https:\/\/www.ijmhr.org\/IntJAnatRes\/wp-json\/wp\/v2\/media?parent=2740"}],"curies":[{"name":"wp","href":"https:\/\/api.w.org\/{rel}","templated":true}]}}