{"id":2486,"date":"2021-05-12T07:43:33","date_gmt":"2021-05-12T07:43:33","guid":{"rendered":"https:\/\/www.ijmhr.org\/IntJAnatRes\/?page_id=2486"},"modified":"2021-06-04T16:26:20","modified_gmt":"2021-06-04T16:26:20","slug":"ijar-2021-121","status":"publish","type":"page","link":"https:\/\/www.ijmhr.org\/IntJAnatRes\/ijar-2021-121","title":{"rendered":"IJAR.2021.121"},"content":{"rendered":"<div class=\"su-row\"><div class=\"su-column su-column-size-1-2\"><div class=\"su-column-inner su-u-clearfix su-u-trim\"><div class=\"su-button-center\"><a href=\"https:\/\/www.ijmhr.org\/ijar.9.2\/IJAR.2021.121.pdf\" class=\"su-button su-button-style-default\" style=\"color:#FFFFFF;background-color:#6b0e00;border-color:#560c00;border-radius:5px;-moz-border-radius:5px;-webkit-border-radius:5px\" target=\"_self\"><span style=\"color:#FFFFFF;padding:6px 16px;font-size:13px;line-height:20px;border-color:#98574d;border-radius:5px;-moz-border-radius:5px;-webkit-border-radius:5px;text-shadow:none;-moz-text-shadow:none;-webkit-text-shadow:none\"><i class=\"sui sui-cloud-download\" style=\"font-size:13px;color:#FFFFFF\"><\/i> DOWNLOAD PDF<\/span><\/a><\/div><\/div><\/div> <div class=\"su-column su-column-size-1-2\"><div class=\"su-column-inner su-u-clearfix su-u-trim\"><div class=\"su-button-center\"><a href=\"https:\/\/ijmhr.org\/ijar-vol-9-2.htm\" class=\"su-button su-button-style-default\" style=\"color:#FFFFFF;background-color:#6b0e00;border-color:#560c00;border-radius:5px;-moz-border-radius:5px;-webkit-border-radius:5px\" target=\"_self\"><span style=\"color:#FFFFFF;padding:6px 16px;font-size:13px;line-height:20px;border-color:#98574d;border-radius:5px;-moz-border-radius:5px;-webkit-border-radius:5px;text-shadow:none;-moz-text-shadow:none;-webkit-text-shadow:none\"><i class=\"sui sui-book\" style=\"font-size:13px;color:#FFFFFF\"><\/i> Table of Contents<\/span><\/a><\/div><\/div><\/div><\/div>\n<h3 style=\"text-align: justify;\"><strong>Type of Article:<\/strong> \u00a0Case Report<\/h3>\n<h3 style=\"text-align: justify;\"><strong>Volume 9; Issue 2.2 (May 2021)<\/strong><\/h3>\n<h3 style=\"text-align: justify;\"><strong>Page No.:<\/strong> 7991-7993<\/h3>\n<h3 style=\"text-align: justify;\"><strong>DOI:\u00a0<\/strong>https:\/\/dx.doi.org\/10.16965\/ijar.2021.121<\/h3>\n<h3 style=\"text-align: justify;\">Renal Ptosis: Case Literature Review<\/h3>\n<p><strong>Yacouba Garba Karim *<sup>1,2<\/sup>, Mar Ndeye Bigue <sup>3<\/sup>, Seck Issa Dior <sup>1<\/sup>, Niane Sokhna Astou Gawane Thiam <\/strong><strong><sup>1<\/sup><\/strong><strong>, Tireira Daouda Harouna <\/strong><strong><sup>1<\/sup><\/strong><strong>, Wade Racky <\/strong><strong><sup>1<\/sup><\/strong><strong>, Gaye Magaye <\/strong><strong><sup>1<\/sup><\/strong><strong>, Ndiaye Ainina <\/strong><strong><sup>1<\/sup><\/strong><strong>, <\/strong><strong>Ndoye Jean Marc <sup>1<\/sup>, Diop Mamadou <sup>1<\/sup>, Ndiaye Abdoulaye <sup>1<\/sup>, <\/strong><strong>Ndiaye Assane <sup>2<\/sup>.<\/strong><\/p>\n<p><sup>*1<\/sup> Laboratoire d\u2019anatomie et d\u2019organogen\u00e8se, Universit\u00e9 Cheikh Anta Diop (UCAD), Dakar, S\u00e9n\u00e9gal.<\/p>\n<p><sup>2 <\/sup>Laboratoire d\u2019anatomie et d\u2019organogen\u00e8se, Universit\u00e9 Assane Seck Ziguinchor (UASZ), Ziguinchor, S\u00e9n\u00e9gal.<\/p>\n<p><sup>3 <\/sup>Laboratoire d\u2019anatomie et d\u2019organogen\u00e8se, Universit\u00e9 Iba Der Thiam (UIT), Thi\u00e8s, S\u00e9n\u00e9gal.<\/p>\n<p style=\"text-align: justify;\"><strong>Address for Correspondance:<\/strong> \u00a0Karim Yacouba Garba, Laboratoire d\u2019anatomie et d\u2019organogen\u00e8se, Universit\u00e9 Cheikh Anta Diop (UCAD), Dakar, S\u00e9n\u00e9gal. Tel : 221 77 798 05 27\u00a0<strong>E-Mail:<\/strong> ygkarim243@gmail.com<\/p>\n<h3 style=\"text-align: justify;\">ABSTRACT<\/h3>\n<p style=\"text-align: justify;\">We report a fortuitously discovered case of renal ptosis in a 9-year-old girl. We take this opportunity to review literature on the embryological, clinical and therapeutic aspects of this malformation, which is the most common renal ectopia diagnosed in sub-Saharan Africa.<\/p>\n<p style=\"text-align: justify;\"><strong>Key words:<\/strong> Kidney, Ptosis, Nephroptosis.<\/p>\n<p style=\"text-align: justify;\"><strong>REFERENCES<\/strong><\/p>\n<p style=\"text-align: justify;\">[1]. Benchekroun A, Kasmaoui E H, Jira H, Iken A, Nouini Y, Benslimane L, et al. The pathological pelvic kidney. It\u2019s about 11 cases. Ann Urol, 2002; 36(4): 231-5.<br \/>[2]. Boccardo G , Ettari G , De Prisco O , Donato G , Maurino D. Renal ptosis: nephrologic consequences of an organ malposition. Minerva Urol Nefrol, 1994; 46(4):195-204. <br \/>[3]. Boujnah H, Abid I, Moalla N, Zmerli S. It\u2019s the pelvic kidney. About fifty cases. Ann Urol 1989;23:11\u20136.<br \/>[4]. CDIGITAL.DGB. U ANL.MX (INTERNET) MOBILE KIDNEY: Kidney displacement, acquired renal ectopia, floating kidney, dislocation of kidneys: 880-885 Retrieved March 02, 2017. Available from: http:\/\/cdigital.dgb.uanl.mx\/la\/1030000182\/1030000182_76.pdf<br \/>[5]. Ghfir I, Ben Rais N. Iliac renal ectopia scanned with 99mTc-DTPA and 99mTc-DMSA. About a case Nuclear Medicine, 2008; 32: 559\u201363.<br \/>[6]. Larry RC, Netter H F. Netter\u2019s Human Embryology Atlas. De boeck , March 2015, 1st edition; 292p<br \/>[7]. Lason G, Peeters L. The kidneys and adrenal glands. Brussels: e-book, 2000. 101p; 36-40.<br \/>[8]. Ndiaye A\u00ef, Ndiaye As, Fall B, Mane L, Ndoye JM, Ndiaye A, Dia A. Crossed renal ectopia: About a case. JAMO, 2008; 2: 23-4.<br \/>[9]. O&#8217;followell L. Le corset, Paris: Maloine, 1908, 312p.<br \/>[10]. Sebe P, Chemla E, Varkarakis J, Latremouille C. Anatomical variations of pelvic kidney vascularization: about a case and literature review. orpho, 2004; 280(80): 24-6.<br \/>[11]. Sidibe S, Kan\u00e9 M, Keita A, Traor\u00e9 I. Atypical forms of Mayer-Rokitansky-Ruster-Hauser syndrome: Role of ultrasound. J Radiol, 1999; 80: 948-50. <br \/>[12]. Winfield H. Nephroptosis. The 5-Minute Urology Consult, 2000;1:368-9.<br \/>[13]. Yassine R. Giant hydronephrosis on pelvic ectopic kidney revealed by occlusive syndrome: Rare cases. A J Urol, 2014: 20: 211-4.<\/p>\n<p style=\"text-align: justify;\">\n\t\t\t <div class=\"promo1\" style=\"background-color:#f7f7f7; border-color: #6b0e00 #e8e6e6 #e8e6e6;\">\n             \t <span style=\"color: #800000;\"><strong>Cite this article:<\/strong><\/span> Yacouba Garba Karim, Mar Ndeye Bigue, Seck Issa Dior, Niane Sokhna Astou Gawane Thiam, Tireira Daouda Harouna, Wade Racky, Gaye Magaye, Ndiaye Ainina, Ndoye Jean Marc, Diop Mamadou, Ndiaye Abdoulaye, Ndiaye Assane. Renal Ptosis: Case Literature Review . Int J Anat Res 2021;9(2.2):7991-7993. <strong>DOI:\u00a0<\/strong>10.16965\/ijar.2021.121\u00a0 \n             <\/div>\t\n\t\t\n\n\n<p><\/p>\n","protected":false},"excerpt":{"rendered":"<p>Type of Article: \u00a0Case Report Volume 9; Issue 2.2 (May 2021) Page No.: 7991-7993 DOI:\u00a0https:\/\/dx.doi.org\/10.16965\/ijar.2021.121 Renal Ptosis: Case Literature Review Yacouba Garba Karim *1,2, Mar Ndeye Bigue 3, Seck Issa Dior 1, Niane Sokhna Astou Gawane Thiam 1, Tireira Daouda Harouna 1, Wade Racky 1, Gaye Magaye 1, Ndiaye Ainina 1, Ndoye Jean Marc 1,<br \/><a class=\"moretag\" href=\"https:\/\/www.ijmhr.org\/IntJAnatRes\/ijar-2021-121\">+ Read More<\/a><\/p>\n","protected":false},"author":1,"featured_media":0,"parent":0,"menu_order":0,"comment_status":"closed","ping_status":"closed","template":"","meta":[],"_links":{"self":[{"href":"https:\/\/www.ijmhr.org\/IntJAnatRes\/wp-json\/wp\/v2\/pages\/2486"}],"collection":[{"href":"https:\/\/www.ijmhr.org\/IntJAnatRes\/wp-json\/wp\/v2\/pages"}],"about":[{"href":"https:\/\/www.ijmhr.org\/IntJAnatRes\/wp-json\/wp\/v2\/types\/page"}],"author":[{"embeddable":true,"href":"https:\/\/www.ijmhr.org\/IntJAnatRes\/wp-json\/wp\/v2\/users\/1"}],"replies":[{"embeddable":true,"href":"https:\/\/www.ijmhr.org\/IntJAnatRes\/wp-json\/wp\/v2\/comments?post=2486"}],"version-history":[{"count":3,"href":"https:\/\/www.ijmhr.org\/IntJAnatRes\/wp-json\/wp\/v2\/pages\/2486\/revisions"}],"predecessor-version":[{"id":2509,"href":"https:\/\/www.ijmhr.org\/IntJAnatRes\/wp-json\/wp\/v2\/pages\/2486\/revisions\/2509"}],"wp:attachment":[{"href":"https:\/\/www.ijmhr.org\/IntJAnatRes\/wp-json\/wp\/v2\/media?parent=2486"}],"curies":[{"name":"wp","href":"https:\/\/api.w.org\/{rel}","templated":true}]}}